Last updated on 2025-07-12 20:50:42 CEST.
Flavor | Version | Tinstall | Tcheck | Ttotal | Status | Flags |
---|---|---|---|---|---|---|
r-devel-linux-x86_64-debian-clang | 0.2.1 | 28.45 | 232.29 | 260.74 | NOTE | |
r-devel-linux-x86_64-debian-gcc | 0.2.1 | 17.53 | 147.57 | 165.10 | NOTE | |
r-devel-linux-x86_64-fedora-clang | 0.2.1 | 413.00 | OK | |||
r-devel-linux-x86_64-fedora-gcc | 0.2.1 | 394.95 | OK | |||
r-devel-windows-x86_64 | 0.2.1 | 25.00 | 180.00 | 205.00 | OK | |
r-patched-linux-x86_64 | 0.2.1 | 25.50 | 222.65 | 248.15 | OK | |
r-release-linux-x86_64 | 0.2.1 | 26.41 | 221.49 | 247.90 | OK | |
r-release-macos-arm64 | 0.2.1 | 94.00 | OK | |||
r-release-macos-x86_64 | 0.2.1 | 230.00 | OK | |||
r-release-windows-x86_64 | 0.2.1 | 25.00 | 180.00 | 205.00 | OK | |
r-oldrel-macos-arm64 | 0.2.1 | 87.00 | OK | |||
r-oldrel-macos-x86_64 | 0.2.1 | 201.00 | OK | |||
r-oldrel-windows-x86_64 | 0.2.1 | 37.00 | 248.00 | 285.00 | OK |
Version: 0.2.1
Check: CRAN incoming feasibility
Result: NOTE
Maintainer: ‘Francois Keck <francois.keck@gmail.com>’
No Authors@R field in DESCRIPTION.
Please add one, modifying
Authors@R: person(given = "Francois",
family = "Keck",
role = c("aut", "cre"),
email = "francois.keck@gmail.com")
as necessary.
Flavors: r-devel-linux-x86_64-debian-clang, r-devel-linux-x86_64-debian-gcc