Last updated on 2024-07-17 20:57:09 CEST.
Flavor | Version | Tinstall | Tcheck | Ttotal | Status | Flags |
---|---|---|---|---|---|---|
r-devel-linux-x86_64-debian-clang | 1.2 | 9.10 | 46.88 | 55.98 | OK | |
r-devel-linux-x86_64-debian-gcc | 1.2 | 6.17 | 35.26 | 41.43 | OK | |
r-devel-linux-x86_64-fedora-clang | 1.2 | 71.66 | NOTE | |||
r-devel-linux-x86_64-fedora-gcc | 1.2 | 69.49 | OK | |||
r-devel-windows-x86_64 | 1.2 | 6.00 | 49.00 | 55.00 | NOTE | |
r-patched-linux-x86_64 | 1.2 | 7.16 | 44.73 | 51.89 | OK | |
r-release-linux-x86_64 | 1.2 | 7.33 | 45.11 | 52.44 | OK | |
r-release-macos-arm64 | 1.2 | 29.00 | NOTE | |||
r-release-macos-x86_64 | 1.2 | 65.00 | NOTE | |||
r-release-windows-x86_64 | 1.2 | 7.00 | 51.00 | 58.00 | NOTE | |
r-oldrel-macos-arm64 | 1.2 | 30.00 | NOTE | |||
r-oldrel-macos-x86_64 | 1.2 | 61.00 | NOTE | |||
r-oldrel-windows-x86_64 | 1.2 | 7.00 | 55.00 | 62.00 | NOTE |
Version: 1.2
Check: installed package size
Result: NOTE
installed size is 12.2Mb
sub-directories of 1Mb or more:
java 12.0Mb
Flavors: r-devel-linux-x86_64-fedora-clang, r-devel-windows-x86_64, r-release-macos-arm64, r-release-macos-x86_64, r-release-windows-x86_64, r-oldrel-macos-arm64, r-oldrel-macos-x86_64, r-oldrel-windows-x86_64