Last updated on 2023-03-26 20:49:56 CEST.
Flavor | Version | Tinstall | Tcheck | Ttotal | Status | Flags |
---|---|---|---|---|---|---|
r-devel-linux-x86_64-debian-clang | 1.0.10 | 7.50 | 63.60 | 71.10 | OK | |
r-devel-linux-x86_64-debian-gcc | 1.0.10 | 5.63 | 49.49 | 55.12 | OK | |
r-devel-linux-x86_64-fedora-clang | 1.0.10 | 99.65 | OK | |||
r-devel-linux-x86_64-fedora-gcc | 1.0.10 | 107.50 | OK | |||
r-patched-linux-x86_64 | 1.0.10 | 8.27 | 61.78 | 70.05 | OK | |
r-release-linux-x86_64 | 1.0.10 | 6.71 | 64.74 | 71.45 | OK | |
r-release-macos-arm64 | 1.0.10 | 34.00 | OK | |||
r-release-macos-x86_64 | 1.0.10 | 46.00 | OK | |||
r-release-windows-x86_64 | 1.0.10 | 44.00 | 110.00 | 154.00 | OK | |
r-oldrel-macos-arm64 | 1.0.10 | 39.00 | OK | |||
r-oldrel-macos-x86_64 | 1.0.10 | 52.00 | OK | |||
r-oldrel-windows-ix86+x86_64 | 1.0.10 | 16.00 | 101.00 | 117.00 | ERROR |
Version: 1.0.10
Check: tests
Result: ERROR
Running 'testthat.R' [9s]
Flavor: r-oldrel-windows-ix86+x86_64