CRAN Package Check Results for Package rjmcmc

Last updated on 2025-05-07 20:49:55 CEST.

Flavor Version Tinstall Tcheck Ttotal Status Flags
r-devel-linux-x86_64-debian-clang 0.4.5 7.80 68.58 76.38 NOTE
r-devel-linux-x86_64-debian-gcc 0.4.5 5.03 50.93 55.96 NOTE
r-devel-linux-x86_64-fedora-clang 0.4.5 118.38 NOTE
r-devel-linux-x86_64-fedora-gcc 0.4.5 111.69 NOTE
r-devel-windows-x86_64 0.4.5 8.00 76.00 84.00 NOTE
r-patched-linux-x86_64 0.4.5 7.41 65.95 73.36 NOTE
r-release-linux-x86_64 0.4.5 7.47 66.24 73.71 NOTE
r-release-macos-arm64 0.4.5 38.00 OK
r-release-macos-x86_64 0.4.5 73.00 OK
r-release-windows-x86_64 0.4.5 8.00 78.00 86.00 NOTE
r-oldrel-macos-arm64 0.4.5 36.00 NOTE
r-oldrel-macos-x86_64 0.4.5 51.00 NOTE
r-oldrel-windows-x86_64 0.4.5 10.00 95.00 105.00 NOTE

Check Details

Version: 0.4.5
Check: Rd cross-references
Result: NOTE Found the following Rd file(s) with Rd \link{} targets missing package anchors: adiff.Rd: madness Please provide package anchors for all Rd \link{} targets not in the package itself and the base packages. Flavors: r-devel-linux-x86_64-debian-clang, r-devel-linux-x86_64-debian-gcc, r-devel-windows-x86_64, r-patched-linux-x86_64, r-release-linux-x86_64, r-release-windows-x86_64

Version: 0.4.5
Check: dependencies in R code
Result: NOTE Namespace in Imports field not imported from: ‘coda’ All declared Imports should be used. Flavors: r-devel-linux-x86_64-fedora-clang, r-devel-linux-x86_64-fedora-gcc

Version: 0.4.5
Check: LazyData
Result: NOTE 'LazyData' is specified without a 'data' directory Flavors: r-oldrel-macos-arm64, r-oldrel-macos-x86_64, r-oldrel-windows-x86_64