Last updated on 2025-11-03 21:50:34 CET.
| Flavor | Version | Tinstall | Tcheck | Ttotal | Status | Flags | 
|---|---|---|---|---|---|---|
| r-devel-linux-x86_64-debian-clang | 0.17.1 | 10.62 | 157.89 | 168.51 | NOTE | |
| r-devel-linux-x86_64-debian-gcc | 0.17.1 | 7.24 | 104.70 | 111.94 | NOTE | |
| r-devel-linux-x86_64-fedora-clang | 0.17.1 | 26.00 | 233.21 | 259.21 | NOTE | |
| r-devel-linux-x86_64-fedora-gcc | 0.17.1 | 27.00 | 238.20 | 265.20 | NOTE | |
| r-devel-windows-x86_64 | 0.17.1 | 13.00 | 155.00 | 168.00 | NOTE | |
| r-patched-linux-x86_64 | 0.17.1 | 12.33 | 149.42 | 161.75 | NOTE | |
| r-release-linux-x86_64 | 0.17.1 | 10.66 | 148.47 | 159.13 | NOTE | |
| r-release-macos-arm64 | 0.17.1 | 5.00 | 72.00 | 77.00 | NOTE | |
| r-release-macos-x86_64 | 0.17.1 | 10.00 | 142.00 | 152.00 | NOTE | |
| r-release-windows-x86_64 | 0.17.1 | 13.00 | 151.00 | 164.00 | NOTE | |
| r-oldrel-macos-arm64 | 0.17.1 | 5.00 | 67.00 | 72.00 | OK | |
| r-oldrel-macos-x86_64 | 0.17.1 | 9.00 | 116.00 | 125.00 | OK | |
| r-oldrel-windows-x86_64 | 0.17.1 | 17.00 | 201.00 | 218.00 | OK | 
Version: 0.17.1
Check: DESCRIPTION meta-information
Result: NOTE
    Missing dependency on R >= 4.1.0 because package code uses the pipe
    |> or function shorthand \(...) syntax added in R 4.1.0.
    File(s) using such syntax:
      ‘plotdensity.R’
Flavors: r-devel-linux-x86_64-debian-clang, r-devel-linux-x86_64-debian-gcc, r-devel-linux-x86_64-fedora-clang, r-devel-linux-x86_64-fedora-gcc, r-devel-windows-x86_64, r-patched-linux-x86_64, r-release-linux-x86_64, r-release-macos-arm64, r-release-macos-x86_64, r-release-windows-x86_64