Last updated on 2025-07-15 21:50:35 CEST.
Flavor | Version | Tinstall | Tcheck | Ttotal | Status | Flags |
---|---|---|---|---|---|---|
r-devel-linux-x86_64-debian-clang | 0.3.1 | 2.84 | 32.17 | 35.01 | OK | |
r-devel-linux-x86_64-debian-gcc | 0.3.1 | 2.50 | 25.66 | 28.16 | OK | |
r-devel-linux-x86_64-fedora-clang | 0.3.1 | 53.12 | OK | |||
r-devel-linux-x86_64-fedora-gcc | 0.3.1 | 50.17 | OK | |||
r-devel-windows-x86_64 | 0.3.1 | 5.00 | 57.00 | 62.00 | OK | |
r-patched-linux-x86_64 | 0.3.1 | 2.95 | 29.33 | 32.28 | OK | |
r-release-linux-x86_64 | 0.3.1 | 3.26 | 28.90 | 32.16 | OK | |
r-release-macos-arm64 | 0.3.1 | 28.00 | OK | |||
r-release-macos-x86_64 | 0.3.1 | 71.00 | OK | |||
r-release-windows-x86_64 | 0.3.1 | 5.00 | 64.00 | 69.00 | OK | |
r-oldrel-macos-arm64 | 0.3.1 | 21.00 | NOTE | |||
r-oldrel-macos-x86_64 | 0.3.1 | 29.00 | NOTE | |||
r-oldrel-windows-x86_64 | 0.3.1 | 7.00 | 64.00 | 71.00 | NOTE |
Version: 0.3.1
Check: LazyData
Result: NOTE
'LazyData' is specified without a 'data' directory
Flavors: r-oldrel-macos-arm64, r-oldrel-macos-x86_64, r-oldrel-windows-x86_64