CRAN Package Check Results for Package riingo

Last updated on 2023-12-03 20:51:29 CET.

Flavor Version Tinstall Tcheck Ttotal Status Flags
r-devel-linux-x86_64-debian-clang 0.3.1 3.93 36.59 40.52 NOTE
r-devel-linux-x86_64-debian-gcc 0.3.1 3.42 28.69 32.11 NOTE
r-devel-linux-x86_64-fedora-clang 0.3.1 52.50 NOTE
r-devel-linux-x86_64-fedora-gcc 0.3.1 48.98 NOTE
r-devel-windows-x86_64 0.3.1 5.00 58.00 63.00 NOTE
r-patched-linux-x86_64 0.3.1 4.98 36.28 41.26 NOTE
r-release-linux-x86_64 0.3.1 3.77 35.89 39.66 NOTE
r-release-macos-arm64 0.3.1 22.00 NOTE
r-release-macos-x86_64 0.3.1 28.00 NOTE
r-release-windows-x86_64 0.3.1 5.00 57.00 62.00 NOTE
r-oldrel-macos-arm64 0.3.1 17.00 NOTE
r-oldrel-macos-x86_64 0.3.1 27.00 NOTE
r-oldrel-windows-x86_64 0.3.1 5.00 58.00 63.00 NOTE

Check Details

Version: 0.3.1
Check: LazyData
Result: NOTE 'LazyData' is specified without a 'data' directory Flavors: r-devel-linux-x86_64-debian-clang, r-devel-linux-x86_64-debian-gcc, r-devel-linux-x86_64-fedora-clang, r-devel-linux-x86_64-fedora-gcc, r-devel-windows-x86_64, r-patched-linux-x86_64, r-release-linux-x86_64, r-release-macos-arm64, r-release-macos-x86_64, r-release-windows-x86_64, r-oldrel-macos-arm64, r-oldrel-macos-x86_64, r-oldrel-windows-x86_64