Last updated on 2024-04-22 20:53:48 CEST.
Flavor | Version | Tinstall | Tcheck | Ttotal | Status | Flags |
---|---|---|---|---|---|---|
r-devel-linux-x86_64-debian-clang | 1.10 | 3.35 | 38.11 | 41.46 | NOTE | |
r-devel-linux-x86_64-debian-gcc | 1.10 | 2.69 | 29.97 | 32.66 | NOTE | |
r-devel-linux-x86_64-fedora-clang | 1.10 | 53.58 | NOTE | |||
r-devel-linux-x86_64-fedora-gcc | 1.10 | 62.88 | NOTE | |||
r-prerel-macos-arm64 | 1.10 | 23.00 | OK | |||
r-prerel-windows-x86_64 | 1.10 | 4.00 | 60.00 | 64.00 | OK | |
r-patched-linux-x86_64 | 1.10 | 2.89 | 38.03 | 40.92 | NOTE | |
r-release-linux-x86_64 | 1.10 | 3.63 | 37.24 | 40.87 | NOTE | |
r-release-macos-arm64 | 1.10 | 22.00 | OK | |||
r-release-macos-x86_64 | 1.10 | 33.00 | OK | |||
r-release-windows-x86_64 | 1.10 | 4.00 | 60.00 | 64.00 | OK | |
r-oldrel-macos-arm64 | 1.10 | 18.00 | OK | |||
r-oldrel-windows-x86_64 | 1.10 | 10.00 | 69.00 | 79.00 | OK |
Version: 1.10
Check: for non-standard things in the check directory
Result: NOTE
Found the following files/directories:
‘mydata.rda’ ‘thedata.rda’
Flavors: r-devel-linux-x86_64-debian-clang, r-devel-linux-x86_64-debian-gcc, r-devel-linux-x86_64-fedora-clang, r-devel-linux-x86_64-fedora-gcc, r-patched-linux-x86_64, r-release-linux-x86_64