Last updated on 2025-11-03 21:50:34 CET.
| Flavor | Version | Tinstall | Tcheck | Ttotal | Status | Flags | 
|---|---|---|---|---|---|---|
| r-devel-linux-x86_64-debian-clang | 0.2.0 | 3.83 | 34.91 | 38.74 | OK | |
| r-devel-linux-x86_64-debian-gcc | 0.2.0 | 3.21 | 25.64 | 28.85 | OK | |
| r-devel-linux-x86_64-fedora-clang | 0.2.0 | 58.63 | OK | |||
| r-devel-linux-x86_64-fedora-gcc | 0.2.0 | 55.67 | OK | |||
| r-devel-windows-x86_64 | 0.2.0 | 5.00 | 49.00 | 54.00 | OK | |
| r-patched-linux-x86_64 | 0.2.0 | 4.30 | 32.17 | 36.47 | OK | |
| r-release-linux-x86_64 | 0.2.0 | 3.95 | 32.06 | 36.01 | OK | |
| r-release-macos-arm64 | 0.2.0 | 2.00 | 19.00 | 21.00 | OK | |
| r-release-macos-x86_64 | 0.2.0 | 3.00 | 39.00 | 42.00 | OK | |
| r-release-windows-x86_64 | 0.2.0 | 6.00 | 49.00 | 55.00 | OK | |
| r-oldrel-macos-arm64 | 0.2.0 | 2.00 | 19.00 | 21.00 | NOTE | |
| r-oldrel-macos-x86_64 | 0.2.0 | 3.00 | 28.00 | 31.00 | NOTE | |
| r-oldrel-windows-x86_64 | 0.2.0 | 8.00 | 61.00 | 69.00 | NOTE | 
Version: 0.2.0
Check: LazyData
Result: NOTE
    'LazyData' is specified without a 'data' directory
Flavors: r-oldrel-macos-arm64, r-oldrel-macos-x86_64, r-oldrel-windows-x86_64