Last updated on 2023-11-30 20:48:48 CET.
Flavor | Version | Tinstall | Tcheck | Ttotal | Status | Flags |
---|---|---|---|---|---|---|
r-devel-linux-x86_64-debian-clang | 0.0.1 | 22.74 | 104.58 | 127.32 | NOTE | |
r-devel-linux-x86_64-debian-gcc | 0.0.1 | 17.28 | 83.24 | 100.52 | NOTE | |
r-devel-linux-x86_64-fedora-clang | 0.0.1 | 169.02 | OK | |||
r-devel-linux-x86_64-fedora-gcc | 0.0.1 | 159.44 | OK | |||
r-devel-windows-x86_64 | 0.0.1 | 20.00 | 158.00 | 178.00 | OK | |
r-patched-linux-x86_64 | 0.0.1 | 24.39 | 105.87 | 130.26 | OK | |
r-release-linux-x86_64 | 0.0.1 | 25.36 | 105.14 | 130.50 | OK | |
r-release-macos-arm64 | 0.0.1 | 50.00 | OK | |||
r-release-macos-x86_64 | 0.0.1 | 73.00 | OK | |||
r-release-windows-x86_64 | 0.0.1 | 26.00 | 147.00 | 173.00 | OK | |
r-oldrel-macos-arm64 | 0.0.1 | 46.00 | OK | |||
r-oldrel-macos-x86_64 | 0.0.1 | 61.00 | OK | |||
r-oldrel-windows-x86_64 | 0.0.1 | 26.00 | 129.00 | 155.00 | OK |
Version: 0.0.1
Check: Rd files
Result: NOTE
checkRd: (-1) RiemannianMetric.Rd:450-453: Lost braces
450 | if (reticulate::py_module_available("geomstats")) {
| ^
checkRd: (-1) RiemannianMetric.Rd:484-487: Lost braces
484 | if (reticulate::py_module_available("geomstats")) {
| ^
checkRd: (-1) RiemannianMetric.Rd:588-591: Lost braces
588 | if (reticulate::py_module_available("geomstats")) {
| ^
Flavors: r-devel-linux-x86_64-debian-clang, r-devel-linux-x86_64-debian-gcc