Last updated on 2024-07-17 20:57:09 CEST.
Flavor | Version | Tinstall | Tcheck | Ttotal | Status | Flags |
---|---|---|---|---|---|---|
r-devel-linux-x86_64-debian-clang | 0.0.1 | 23.33 | 112.51 | 135.84 | NOTE | |
r-devel-linux-x86_64-debian-gcc | 0.0.1 | 16.36 | 83.57 | 99.93 | NOTE | |
r-devel-linux-x86_64-fedora-clang | 0.0.1 | 170.36 | NOTE | |||
r-devel-linux-x86_64-fedora-gcc | 0.0.1 | 160.51 | NOTE | |||
r-devel-windows-x86_64 | 0.0.1 | 20.00 | 159.00 | 179.00 | NOTE | |
r-patched-linux-x86_64 | 0.0.1 | 25.40 | 103.91 | 129.31 | NOTE | |
r-release-linux-x86_64 | 0.0.1 | 20.90 | 106.87 | 127.77 | NOTE | |
r-release-macos-arm64 | 0.0.1 | 43.00 | NOTE | |||
r-release-macos-x86_64 | 0.0.1 | 68.00 | NOTE | |||
r-release-windows-x86_64 | 0.0.1 | 20.00 | 165.00 | 185.00 | NOTE | |
r-oldrel-macos-arm64 | 0.0.1 | 50.00 | OK | |||
r-oldrel-macos-x86_64 | 0.0.1 | 73.00 | OK | |||
r-oldrel-windows-x86_64 | 0.0.1 | 26.00 | 154.00 | 180.00 | OK |
Version: 0.0.1
Check: Rd files
Result: NOTE
checkRd: (-1) RiemannianMetric.Rd:450-453: Lost braces
450 | if (reticulate::py_module_available("geomstats")) {
| ^
checkRd: (-1) RiemannianMetric.Rd:484-487: Lost braces
484 | if (reticulate::py_module_available("geomstats")) {
| ^
checkRd: (-1) RiemannianMetric.Rd:588-591: Lost braces
588 | if (reticulate::py_module_available("geomstats")) {
| ^
Flavors: r-devel-linux-x86_64-debian-clang, r-devel-linux-x86_64-debian-gcc, r-devel-linux-x86_64-fedora-clang, r-devel-linux-x86_64-fedora-gcc, r-devel-windows-x86_64, r-patched-linux-x86_64, r-release-linux-x86_64, r-release-macos-arm64, r-release-macos-x86_64, r-release-windows-x86_64