CRAN Package Check Results for Package rgeoda

Last updated on 2022-10-03 21:53:48 CEST.

Flavor Version Tinstall Tcheck Ttotal Status Flags
r-devel-linux-x86_64-debian-clang 0.0.9 302.26 55.04 357.30 OK
r-devel-linux-x86_64-debian-gcc 0.0.9 238.29 46.04 284.33 OK
r-devel-linux-x86_64-fedora-clang 0.0.9 572.13 OK
r-devel-linux-x86_64-fedora-gcc 0.0.9 481.33 OK
r-devel-windows-x86_64 0.0.9 798.00 143.00 941.00 OK
r-patched-linux-x86_64 0.0.9 261.82 55.99 317.81 OK
r-release-linux-x86_64 0.0.9 267.57 56.56 324.13 OK
r-release-macos-arm64 0.0.9 99.00 NOTE
r-release-macos-x86_64 0.0.9 156.00 NOTE
r-release-windows-x86_64 0.0.9 666.00 126.00 792.00 OK
r-oldrel-macos-arm64 0.0.9 98.00 NOTE
r-oldrel-macos-x86_64 0.0.9 155.00 NOTE
r-oldrel-windows-ix86+x86_64 0.0.9 708.00 127.00 835.00 NOTE

Check Details

Version: 0.0.9
Check: installed package size
Result: NOTE
     installed size is 29.4Mb
     sub-directories of 1Mb or more:
     libs 28.1Mb
Flavors: r-release-macos-arm64, r-release-macos-x86_64, r-oldrel-macos-arm64, r-oldrel-macos-x86_64, r-oldrel-windows-ix86+x86_64