Last updated on 2024-04-23 20:52:16 CEST.
Flavor | Version | Tinstall | Tcheck | Ttotal | Status | Flags |
---|---|---|---|---|---|---|
r-devel-linux-x86_64-debian-clang | 5.9-0.10 | 18.42 | 52.23 | 70.65 | OK | |
r-devel-linux-x86_64-debian-gcc | 5.9-0.10 | 13.74 | 47.08 | 60.82 | OK | |
r-devel-linux-x86_64-fedora-clang | 5.9-0.10 | 91.21 | NOTE | |||
r-devel-linux-x86_64-fedora-gcc | 5.9-0.10 | 114.20 | OK | |||
r-prerel-macos-arm64 | 5.9-0.10 | 36.00 | OK | |||
r-prerel-windows-x86_64 | 5.9-0.10 | 20.00 | 109.00 | 129.00 | OK | |
r-patched-linux-x86_64 | 5.9-0.10 | 19.01 | 72.81 | 91.82 | OK | |
r-release-linux-x86_64 | 5.9-0.10 | 16.01 | 58.48 | 74.49 | OK | |
r-release-macos-arm64 | 5.9-0.10 | 69.00 | OK | |||
r-release-macos-x86_64 | 5.9-0.10 | 121.00 | OK | |||
r-release-windows-x86_64 | 5.9-0.10 | 19.00 | 99.00 | 118.00 | OK | |
r-oldrel-macos-arm64 | 5.9-0.10 | 41.00 | OK | |||
r-oldrel-windows-x86_64 | 5.9-0.10 | 19.00 | 93.00 | 112.00 | OK |
Version: 5.9-0.10
Check: Rd cross-references
Result: NOTE
Undeclared package ‘Matching’ in Rd xrefs
Flavor: r-devel-linux-x86_64-fedora-clang