Last updated on 2023-12-08 20:55:21 CET.
Flavor | Version | Tinstall | Tcheck | Ttotal | Status | Flags |
---|---|---|---|---|---|---|
r-devel-linux-x86_64-debian-clang | 0.1.0 | 5.00 | 43.23 | 48.23 | NOTE | |
r-devel-linux-x86_64-debian-gcc | 0.1.0 | 3.45 | 32.71 | 36.16 | NOTE | |
r-devel-linux-x86_64-fedora-clang | 0.1.0 | 62.11 | NOTE | |||
r-devel-linux-x86_64-fedora-gcc | 0.1.0 | 56.67 | NOTE | |||
r-devel-windows-x86_64 | 0.1.0 | 6.00 | 55.00 | 61.00 | NOTE | |
r-patched-linux-x86_64 | 0.1.0 | 4.93 | 41.44 | 46.37 | NOTE | |
r-release-linux-x86_64 | 0.1.0 | 4.36 | 41.21 | 45.57 | NOTE | |
r-release-macos-arm64 | 0.1.0 | 20.00 | NOTE | |||
r-release-macos-x86_64 | 0.1.0 | 30.00 | NOTE | |||
r-release-windows-x86_64 | 0.1.0 | 7.00 | 58.00 | 65.00 | NOTE | |
r-oldrel-macos-arm64 | 0.1.0 | 22.00 | NOTE | |||
r-oldrel-macos-x86_64 | 0.1.0 | 41.00 | NOTE | |||
r-oldrel-windows-x86_64 | 0.1.0 | 8.00 | 61.00 | 69.00 | NOTE |
Version: 0.1.0
Check: LazyData
Result: NOTE
'LazyData' is specified without a 'data' directory
Flavors: r-devel-linux-x86_64-debian-clang, r-devel-linux-x86_64-debian-gcc, r-devel-linux-x86_64-fedora-clang, r-devel-linux-x86_64-fedora-gcc, r-devel-windows-x86_64, r-patched-linux-x86_64, r-release-linux-x86_64, r-release-macos-arm64, r-release-macos-x86_64, r-release-windows-x86_64, r-oldrel-macos-arm64, r-oldrel-macos-x86_64, r-oldrel-windows-x86_64