Last updated on 2024-03-28 19:48:43 CET.
Flavor | Version | Tinstall | Tcheck | Ttotal | Status | Flags |
---|---|---|---|---|---|---|
r-devel-linux-x86_64-debian-clang | 0.0.1 | 1.91 | 22.74 | 24.65 | NOTE | |
r-devel-linux-x86_64-debian-gcc | 0.0.1 | 1.45 | 18.53 | 19.98 | NOTE | |
r-devel-linux-x86_64-fedora-clang | 0.0.1 | 32.99 | NOTE | |||
r-devel-linux-x86_64-fedora-gcc | 0.0.1 | 44.38 | NOTE | |||
r-devel-windows-x86_64 | 0.0.1 | 3.00 | 41.00 | 44.00 | NOTE | |
r-patched-linux-x86_64 | 0.0.1 | 1.75 | 22.20 | 23.95 | NOTE | |
r-release-linux-x86_64 | 0.0.1 | 1.90 | 20.65 | 22.55 | NOTE | |
r-release-macos-arm64 | 0.0.1 | 21.00 | NOTE | |||
r-release-macos-x86_64 | 0.0.1 | 29.00 | NOTE | |||
r-release-windows-x86_64 | 0.0.1 | 2.00 | 37.00 | 39.00 | NOTE | |
r-oldrel-macos-arm64 | 0.0.1 | 17.00 | NOTE | |||
r-oldrel-windows-x86_64 | 0.0.1 | 3.00 | 43.00 | 46.00 | NOTE |
Version: 0.0.1
Check: LazyData
Result: NOTE
'LazyData' is specified without a 'data' directory
Flavors: r-devel-linux-x86_64-debian-clang, r-devel-linux-x86_64-debian-gcc, r-devel-linux-x86_64-fedora-clang, r-devel-linux-x86_64-fedora-gcc, r-devel-windows-x86_64, r-patched-linux-x86_64, r-release-linux-x86_64, r-release-macos-arm64, r-release-macos-x86_64, r-release-windows-x86_64, r-oldrel-macos-arm64, r-oldrel-windows-x86_64