Last updated on 2025-05-06 20:50:51 CEST.
Flavor | Version | Tinstall | Tcheck | Ttotal | Status | Flags |
---|---|---|---|---|---|---|
r-devel-linux-x86_64-debian-clang | 1.2.2 | 23.88 | 275.08 | 298.96 | NOTE | |
r-devel-linux-x86_64-debian-gcc | 1.2.2 | 15.13 | 181.09 | 196.22 | NOTE | |
r-devel-linux-x86_64-fedora-clang | 1.2.2 | 472.66 | OK | |||
r-devel-linux-x86_64-fedora-gcc | 1.2.2 | 472.25 | OK | |||
r-devel-windows-x86_64 | 1.2.2 | 20.00 | 234.00 | 254.00 | WARN | |
r-patched-linux-x86_64 | 1.2.2 | 20.01 | 258.82 | 278.83 | OK | |
r-release-linux-x86_64 | 1.2.2 | 20.90 | 259.90 | 280.80 | OK | |
r-release-macos-arm64 | 1.2.2 | 134.00 | OK | |||
r-release-macos-x86_64 | 1.2.2 | 253.00 | OK | |||
r-release-windows-x86_64 | 1.2.2 | 20.00 | 242.00 | 262.00 | OK | |
r-oldrel-macos-arm64 | 1.2.2 | 121.00 | OK | |||
r-oldrel-macos-x86_64 | 1.2.2 | 172.00 | OK | |||
r-oldrel-windows-x86_64 | 1.2.2 | 21.00 | 309.00 | 330.00 | OK |
Version: 1.2.2
Check: CRAN incoming feasibility
Result: NOTE
Maintainer: ‘Dimitri Justeau-Allaire <dimitri.justeau@gmail.com>’
No Authors@R field in DESCRIPTION.
Please add one, modifying
Authors@R: c(person(given = "Dimitri",
family = "Justeau-Allaire",
role = c("aut", "cre"),
email = "dimitri.justeau@gmail.com"),
person(given = "Grégoire",
family = "Blanchard",
role = "aut"),
person(given = "Thomas",
family = "Ibanez",
role = "aut"),
person(given = "Xavier",
family = "Lorca",
role = "aut"),
person(given = "Ghislain",
family = "Vieilledent",
role = "aut"),
person(given = "Philippe",
family = "Birnbaum",
role = "aut"))
as necessary.
Flavors: r-devel-linux-x86_64-debian-clang, r-devel-linux-x86_64-debian-gcc
Version: 1.2.2
Check: whether the package can be loaded with stated dependencies
Result: WARN
Loading required package: rJava
Loading required package: methods
Loading required package: terra
It looks like this package (or one of its dependent packages) has an
unstated dependence on a standard package. All dependencies must be
declared in DESCRIPTION.
See section 'The DESCRIPTION file' in the 'Writing R Extensions'
manual.
Flavor: r-devel-windows-x86_64