Last updated on 2024-04-26 21:57:29 CEST.
Flavor | Version | Tinstall | Tcheck | Ttotal | Status | Flags |
---|---|---|---|---|---|---|
r-devel-linux-x86_64-debian-clang | 1.0.3 | 12.63 | 150.22 | 162.85 | OK | |
r-devel-linux-x86_64-debian-gcc | 1.0.3 | 10.26 | 109.59 | 119.85 | OK | |
r-devel-linux-x86_64-fedora-clang | 1.0.3 | 205.45 | NOTE | |||
r-devel-linux-x86_64-fedora-gcc | 1.0.3 | 204.59 | NOTE | |||
r-devel-windows-x86_64 | 1.0.3 | 13.00 | 122.00 | 135.00 | OK | |
r-patched-linux-x86_64 | 1.0.3 | 11.71 | 144.18 | 155.89 | OK | |
r-release-linux-x86_64 | 1.0.3 | 10.24 | 144.25 | 154.49 | OK | |
r-release-macos-arm64 | 1.0.3 | 57.00 | OK | |||
r-release-windows-x86_64 | 1.0.3 | 12.00 | 121.00 | 133.00 | OK | |
r-oldrel-macos-arm64 | 1.0.3 | 64.00 | OK | |||
r-oldrel-macos-x86_64 | 1.0.3 | 104.00 | OK | |||
r-oldrel-windows-x86_64 | 1.0.3 | 15.00 | 149.00 | 164.00 | OK |
Version: 1.0.3
Check: dependencies in R code
Result: NOTE
Namespace in Imports field not imported from: ‘titanic’
All declared Imports should be used.
Flavors: r-devel-linux-x86_64-fedora-clang, r-devel-linux-x86_64-fedora-gcc