Last updated on 2024-03-28 19:48:43 CET.
Flavor | Version | Tinstall | Tcheck | Ttotal | Status | Flags |
---|---|---|---|---|---|---|
r-devel-linux-x86_64-debian-clang | 0.4.1 | 9.56 | 99.86 | 109.42 | NOTE | |
r-devel-linux-x86_64-debian-gcc | 0.4.1 | 9.34 | 73.80 | 83.14 | NOTE | |
r-devel-linux-x86_64-fedora-clang | 0.4.1 | 141.77 | NOTE | |||
r-devel-linux-x86_64-fedora-gcc | 0.4.1 | 131.93 | NOTE | |||
r-devel-windows-x86_64 | 0.4.1 | 13.00 | 94.00 | 107.00 | NOTE | |
r-patched-linux-x86_64 | 0.4.1 | 9.01 | 94.60 | 103.61 | NOTE | |
r-release-linux-x86_64 | 0.4.1 | 8.84 | 94.67 | 103.51 | NOTE | |
r-release-macos-arm64 | 0.4.1 | 40.00 | NOTE | |||
r-release-macos-x86_64 | 0.4.1 | 67.00 | NOTE | |||
r-release-windows-x86_64 | 0.4.1 | 17.00 | 109.00 | 126.00 | NOTE | |
r-oldrel-macos-arm64 | 0.4.1 | 38.00 | NOTE | |||
r-oldrel-windows-x86_64 | 0.4.1 | 18.00 | 116.00 | 134.00 | NOTE |
Version: 0.4.1
Check: LazyData
Result: NOTE
'LazyData' is specified without a 'data' directory
Flavors: r-devel-linux-x86_64-debian-clang, r-devel-linux-x86_64-debian-gcc, r-devel-linux-x86_64-fedora-clang, r-devel-linux-x86_64-fedora-gcc, r-devel-windows-x86_64, r-patched-linux-x86_64, r-release-linux-x86_64, r-release-macos-arm64, r-release-macos-x86_64, r-release-windows-x86_64, r-oldrel-macos-arm64, r-oldrel-windows-x86_64