Last updated on 2024-04-22 20:53:47 CEST.
Flavor | Version | Tinstall | Tcheck | Ttotal | Status | Flags |
---|---|---|---|---|---|---|
r-devel-linux-x86_64-debian-clang | 1.5.3 | 61.97 | 524.61 | 586.58 | OK | |
r-devel-linux-x86_64-debian-gcc | 1.5.3 | 49.10 | 360.59 | 409.69 | OK | |
r-devel-linux-x86_64-fedora-clang | 1.5.3 | 721.00 | OK | |||
r-devel-linux-x86_64-fedora-gcc | 1.5.3 | 711.56 | OK | |||
r-prerel-macos-arm64 | 1.5.3 | 157.00 | NOTE | |||
r-prerel-windows-x86_64 | 1.5.3 | 52.00 | 367.00 | 419.00 | OK | |
r-patched-linux-x86_64 | 1.5.3 | 65.82 | 494.14 | 559.96 | OK | |
r-release-linux-x86_64 | 1.5.3 | 43.87 | 502.84 | 546.71 | OK | |
r-release-macos-arm64 | 1.5.3 | 147.00 | NOTE | |||
r-release-macos-x86_64 | 1.5.3 | 403.00 | NOTE | |||
r-release-windows-x86_64 | 1.5.3 | 63.00 | 491.00 | 554.00 | OK | |
r-oldrel-macos-arm64 | 1.5.3 | 158.00 | NOTE | |||
r-oldrel-windows-x86_64 | 1.5.3 | 61.00 | 476.00 | 537.00 | OK |
Version: 1.5.3
Check: installed package size
Result: NOTE
installed size is 5.4Mb
sub-directories of 1Mb or more:
libs 4.2Mb
Flavors: r-prerel-macos-arm64, r-release-macos-arm64, r-release-macos-x86_64, r-oldrel-macos-arm64