CRAN Package Check Results for Package resemble

Last updated on 2022-09-28 21:51:48 CEST.

Flavor Version Tinstall Tcheck Ttotal Status Flags
r-devel-linux-x86_64-debian-clang 2.2.1 90.11 342.54 432.65 OK
r-devel-linux-x86_64-debian-gcc 2.2.1 62.60 262.86 325.46 OK
r-devel-linux-x86_64-fedora-clang 2.2.1 542.28 OK
r-devel-linux-x86_64-fedora-gcc 2.2.1 527.06 OK
r-devel-windows-x86_64 2.2.1 104.00 406.00 510.00 OK
r-patched-linux-x86_64 2.2.1 76.42 323.44 399.86 OK
r-release-linux-x86_64 2.2.1 66.27 330.93 397.20 OK
r-release-macos-arm64 2.2.1 206.00 NOTE
r-release-macos-x86_64 2.2.1 226.00 NOTE
r-release-windows-x86_64 2.2.1 93.00 405.00 498.00 OK
r-oldrel-macos-arm64 2.2.1 173.00 NOTE
r-oldrel-macos-x86_64 2.2.1 229.00 NOTE
r-oldrel-windows-ix86+x86_64 2.2.1 177.00 534.00 711.00 NOTE

Check Details

Version: 2.2.1
Check: installed package size
Result: NOTE
     installed size is 8.8Mb
     sub-directories of 1Mb or more:
     doc 1.6Mb
     libs 6.6Mb
Flavors: r-release-macos-arm64, r-release-macos-x86_64, r-oldrel-macos-arm64, r-oldrel-macos-x86_64, r-oldrel-windows-ix86+x86_64