Last updated on 2025-11-02 23:49:49 CET.
| Flavor | Version | Tinstall | Tcheck | Ttotal | Status | Flags |
|---|---|---|---|---|---|---|
| r-devel-linux-x86_64-debian-clang | 1.0.1 | 3.23 | 34.73 | 37.96 | NOTE | |
| r-devel-linux-x86_64-debian-gcc | 1.0.1 | 2.31 | 26.78 | 29.09 | NOTE | |
| r-devel-linux-x86_64-fedora-clang | 1.0.1 | 56.55 | NOTE | |||
| r-devel-linux-x86_64-fedora-gcc | 1.0.1 | 54.75 | NOTE | |||
| r-devel-windows-x86_64 | 1.0.1 | 5.00 | 52.00 | 57.00 | NOTE | |
| r-patched-linux-x86_64 | 1.0.1 | 3.12 | 32.51 | 35.63 | NOTE | |
| r-release-linux-x86_64 | 1.0.1 | 3.05 | 32.60 | 35.65 | NOTE | |
| r-release-macos-arm64 | 1.0.1 | 2.00 | 20.00 | 22.00 | NOTE | |
| r-release-macos-x86_64 | 1.0.1 | 3.00 | 60.00 | 63.00 | NOTE | |
| r-release-windows-x86_64 | 1.0.1 | 4.00 | 52.00 | 56.00 | NOTE | |
| r-oldrel-macos-arm64 | 1.0.1 | 1.00 | 19.00 | 20.00 | OK | |
| r-oldrel-macos-x86_64 | 1.0.1 | 2.00 | 28.00 | 30.00 | OK | |
| r-oldrel-windows-x86_64 | 1.0.1 | 6.00 | 62.00 | 68.00 | OK |
Version: 1.0.1
Check: DESCRIPTION meta-information
Result: NOTE
Missing dependency on R >= 4.1.0 because package code uses the pipe
|> or function shorthand \(...) syntax added in R 4.1.0.
File(s) using such syntax:
‘estimate_impact.R’ ‘plot_repsd.R’ ‘repsd_pval.R’
Flavors: r-devel-linux-x86_64-debian-clang, r-devel-linux-x86_64-debian-gcc, r-devel-linux-x86_64-fedora-clang, r-devel-linux-x86_64-fedora-gcc, r-devel-windows-x86_64, r-patched-linux-x86_64, r-release-linux-x86_64, r-release-macos-arm64, r-release-macos-x86_64, r-release-windows-x86_64