CRAN Package Check Results for Package represtools

Last updated on 2025-05-06 20:50:51 CEST.

Flavor Version Tinstall Tcheck Ttotal Status Flags
r-devel-linux-x86_64-debian-clang 0.1.3 2.06 23.25 25.31 OK
r-devel-linux-x86_64-debian-gcc 0.1.3 1.63 18.96 20.59 OK
r-devel-linux-x86_64-fedora-clang 0.1.3 42.15 OK
r-devel-linux-x86_64-fedora-gcc 0.1.3 52.82 OK
r-devel-windows-x86_64 0.1.3 3.00 47.00 50.00 OK
r-patched-linux-x86_64 0.1.3 1.96 22.06 24.02 OK
r-release-linux-x86_64 0.1.3 1.80 22.16 23.96 OK
r-release-macos-arm64 0.1.3 23.00 OK
r-release-macos-x86_64 0.1.3 42.00 OK
r-release-windows-x86_64 0.1.3 3.00 49.00 52.00 OK
r-oldrel-macos-arm64 0.1.3 22.00 NOTE
r-oldrel-macos-x86_64 0.1.3 32.00 NOTE
r-oldrel-windows-x86_64 0.1.3 3.00 52.00 55.00 NOTE

Check Details

Version: 0.1.3
Check: LazyData
Result: NOTE 'LazyData' is specified without a 'data' directory Flavors: r-oldrel-macos-arm64, r-oldrel-macos-x86_64, r-oldrel-windows-x86_64