Last updated on 2025-05-03 21:51:29 CEST.
Flavor | Version | Tinstall | Tcheck | Ttotal | Status | Flags |
---|---|---|---|---|---|---|
r-devel-linux-x86_64-debian-clang | 3.6 | 3.46 | 28.95 | 32.41 | NOTE | |
r-devel-linux-x86_64-debian-gcc | 3.6 | 2.22 | 22.19 | 24.41 | NOTE | |
r-devel-linux-x86_64-fedora-clang | 3.6 | 50.27 | OK | |||
r-devel-linux-x86_64-fedora-gcc | 3.6 | 48.08 | OK | |||
r-devel-windows-x86_64 | 3.6 | 5.00 | 49.00 | 54.00 | OK | |
r-patched-linux-x86_64 | 3.6 | 3.39 | 27.50 | 30.89 | OK | |
r-release-linux-x86_64 | OK | |||||
r-release-macos-arm64 | 3.6 | 18.00 | OK | |||
r-release-macos-x86_64 | 3.6 | 42.00 | OK | |||
r-release-windows-x86_64 | 3.6 | 4.00 | 49.00 | 53.00 | OK | |
r-oldrel-macos-arm64 | 3.6 | 18.00 | OK | |||
r-oldrel-macos-x86_64 | 3.6 | 28.00 | OK | |||
r-oldrel-windows-x86_64 | 3.6 | 6.00 | 57.00 | 63.00 | OK |
Version: 3.6
Check: CRAN incoming feasibility
Result: NOTE
Maintainer: ‘Zhicheng Du<dgdzc@hotmail.com>’
No Authors@R field in DESCRIPTION.
Please add one, modifying
Authors@R: c(person(given = "Zhicheng",
family = "Du",
role = c("aut", "cre"),
email = "dgdzc@hotmail.com"),
person(given = "Yuantao",
family = "Hao",
role = "aut"))
as necessary.
Flavors: r-devel-linux-x86_64-debian-clang, r-devel-linux-x86_64-debian-gcc