Last updated on 2024-03-28 19:48:43 CET.
Flavor | Version | Tinstall | Tcheck | Ttotal | Status | Flags |
---|---|---|---|---|---|---|
r-devel-linux-x86_64-debian-clang | 0.5 | 4.44 | 39.27 | 43.71 | NOTE | |
r-devel-linux-x86_64-debian-gcc | 0.5 | 2.73 | 29.70 | 32.43 | NOTE | |
r-devel-linux-x86_64-fedora-clang | 0.5 | 53.44 | NOTE | |||
r-devel-linux-x86_64-fedora-gcc | 0.5 | 63.64 | NOTE | |||
r-devel-windows-x86_64 | 0.5 | 4.00 | 49.00 | 53.00 | OK | |
r-patched-linux-x86_64 | 0.5 | 6.08 | 37.16 | 43.24 | NOTE | |
r-release-linux-x86_64 | 0.5 | 4.37 | 37.85 | 42.22 | NOTE | |
r-release-macos-arm64 | 0.5 | 30.00 | OK | |||
r-release-macos-x86_64 | 0.5 | 45.00 | OK | |||
r-release-windows-x86_64 | 0.5 | 5.00 | 51.00 | 56.00 | OK | |
r-oldrel-macos-arm64 | 0.5 | 27.00 | OK | |||
r-oldrel-windows-x86_64 | 0.5 | 5.00 | 58.00 | 63.00 | OK |
Version: 0.5
Check: for non-standard things in the check directory
Result: NOTE
Found the following files/directories:
‘PackageCites.bib’
Flavors: r-devel-linux-x86_64-debian-clang, r-devel-linux-x86_64-debian-gcc, r-devel-linux-x86_64-fedora-clang, r-devel-linux-x86_64-fedora-gcc, r-patched-linux-x86_64, r-release-linux-x86_64