CRAN Package Check Results for Package repana

Last updated on 2023-01-27 20:49:21 CET.

Flavor Version Tinstall Tcheck Ttotal Status Flags
r-devel-linux-x86_64-debian-clang 1.23.2 8.54 109.85 118.39 NOTE
r-devel-linux-x86_64-debian-gcc 1.23.2 7.41 82.79 90.20 NOTE
r-devel-linux-x86_64-fedora-clang 1.23.2 149.30 NOTE
r-devel-linux-x86_64-fedora-gcc 1.23.2 159.52 NOTE
r-patched-linux-x86_64 1.23.2 5.71 106.99 112.70 OK
r-release-linux-x86_64 1.23.2 5.85 108.92 114.77 OK
r-release-macos-arm64 1.23.2 51.00 OK
r-release-macos-x86_64 1.23.2 80.00 OK
r-release-windows-x86_64 1.23.2 19.00 165.00 184.00 OK
r-oldrel-macos-arm64 1.23.2 44.00 OK
r-oldrel-macos-x86_64 1.23.2 47.00 OK
r-oldrel-windows-ix86+x86_64 1.23.2 21.00 169.00 190.00 WARN

Check Details

Version: 1.23.2
Check: package subdirectories
Result: NOTE
    Problems with news in ‘NEWS.md’:
    No news entries found.
Flavors: r-devel-linux-x86_64-debian-clang, r-devel-linux-x86_64-debian-gcc, r-devel-linux-x86_64-fedora-clang, r-devel-linux-x86_64-fedora-gcc

Version: 1.23.2
Check: for unstated dependencies in ‘tests’
Result: WARN
    Warning: unable to access index for repository https://bioconductor.org/packages/3.14/bioc/src/contrib:
     cannot open URL 'https://bioconductor.org/packages/3.14/bioc/src/contrib/PACKAGES'
    Warning: unable to access index for repository https://bioconductor.org/packages/3.14/data/annotation/src/contrib:
     cannot open URL 'https://bioconductor.org/packages/3.14/data/annotation/src/contrib/PACKAGES'
    Warning: unable to access index for repository https://bioconductor.org/packages/3.14/data/experiment/src/contrib:
     cannot open URL 'https://bioconductor.org/packages/3.14/data/experiment/src/contrib/PACKAGES'
Flavor: r-oldrel-windows-ix86+x86_64