Last updated on 2025-11-16 01:49:28 CET.
| Flavor | Version | Tinstall | Tcheck | Ttotal | Status | Flags |
|---|---|---|---|---|---|---|
| r-devel-linux-x86_64-debian-clang | 1.2.4 | 3.27 | 38.39 | 41.66 | OK | |
| r-devel-linux-x86_64-debian-gcc | 1.2.4 | 2.27 | 30.74 | 33.01 | NOTE | |
| r-devel-linux-x86_64-fedora-clang | 1.2.4 | 13.00 | 54.59 | 67.59 | OK | |
| r-devel-linux-x86_64-fedora-gcc | 1.2.4 | 13.00 | 66.24 | 79.24 | OK | |
| r-devel-windows-x86_64 | 1.2.4 | 6.00 | 60.00 | 66.00 | OK | --no-vignettes |
| r-patched-linux-x86_64 | 1.2.4 | 3.36 | 37.28 | 40.64 | OK | |
| r-release-linux-x86_64 | 1.2.4 | 3.15 | 37.41 | 40.56 | OK | |
| r-release-macos-arm64 | 1.2.4 | 2.00 | 50.00 | 52.00 | OK | |
| r-release-macos-x86_64 | 1.2.4 | 3.00 | 51.00 | 54.00 | OK | |
| r-release-windows-x86_64 | 1.2.4 | 5.00 | 68.00 | 73.00 | OK | --no-vignettes |
| r-oldrel-macos-arm64 | 1.2.4 | 2.00 | 33.00 | 35.00 | OK | |
| r-oldrel-macos-x86_64 | 1.2.4 | 3.00 | 60.00 | 63.00 | OK | |
| r-oldrel-windows-x86_64 | 1.2.4 | 6.00 | 67.00 | 73.00 | OK | --no-vignettes |
Version: 1.2.4
Check: CRAN incoming feasibility
Result: NOTE
Maintainer: ‘David Winter <david.winter@gmail.com>’
The BugReports field in DESCRIPTION has
https://github.com/ropensci/rentrez/issues/
which should likely be
https://github.com/ropensci/rentrez/issues/issues
instead.
Flavor: r-devel-linux-x86_64-debian-gcc