CRAN Package Check Results for Package remstimate

Last updated on 2024-07-12 21:50:10 CEST.

Flavor Version Tinstall Tcheck Ttotal Status Flags
r-devel-linux-x86_64-debian-clang 2.3.11 65.02 160.30 225.32 OK
r-devel-linux-x86_64-debian-gcc 2.3.11 39.85 111.06 150.91 OK
r-devel-linux-x86_64-fedora-clang 2.3.11 303.24 OK
r-devel-linux-x86_64-fedora-gcc 2.3.11 290.60 OK
r-devel-windows-x86_64 2.3.11 46.00 183.00 229.00 NOTE
r-patched-linux-x86_64 2.3.11 52.21 150.38 202.59 OK
r-release-linux-x86_64 2.3.11 53.41 146.99 200.40 OK
r-release-macos-arm64 2.3.11 82.00 NOTE
r-release-macos-x86_64 2.3.11 120.00 NOTE
r-release-windows-x86_64 2.3.11 48.00 183.00 231.00 NOTE
r-oldrel-macos-arm64 2.3.11 83.00 NOTE
r-oldrel-macos-x86_64 2.3.11 187.00 NOTE
r-oldrel-windows-x86_64 2.3.11 57.00 210.00 267.00 NOTE

Check Details

Version: 2.3.11
Check: installed package size
Result: NOTE installed size is 5.6Mb sub-directories of 1Mb or more: doc 3.9Mb libs 1.4Mb Flavors: r-devel-windows-x86_64, r-release-macos-arm64, r-release-macos-x86_64, r-release-windows-x86_64, r-oldrel-macos-arm64, r-oldrel-macos-x86_64, r-oldrel-windows-x86_64