CRAN Package Check Results for Package relliptical

Last updated on 2022-12-05 20:53:18 CET.

Flavor Version Tinstall Tcheck Ttotal Status Flags
r-devel-linux-x86_64-debian-clang 1.2.0 56.17 68.01 124.18 NOTE
r-devel-linux-x86_64-debian-gcc 1.2.0 50.49 51.18 101.67 NOTE
r-devel-linux-x86_64-fedora-clang 1.2.0 177.80 NOTE
r-devel-linux-x86_64-fedora-gcc 1.2.0 178.22 NOTE
r-devel-windows-x86_64 1.2.0 53.00 116.00 169.00 NOTE
r-patched-linux-x86_64 1.2.0 44.93 66.40 111.33 OK
r-release-linux-x86_64 1.2.0 54.91 66.72 121.63 OK
r-release-macos-arm64 1.2.0 55.00 NOTE
r-release-macos-x86_64 1.2.0 59.00 NOTE
r-release-windows-x86_64 1.2.0 55.00 115.00 170.00 OK
r-oldrel-macos-arm64 1.2.0 50.00 NOTE
r-oldrel-macos-x86_64 1.2.0 59.00 NOTE
r-oldrel-windows-ix86+x86_64 1.2.0 135.00 140.00 275.00 OK

Check Details

Version: 1.2.0
Check: package subdirectories
Result: NOTE
    Problems with news in 'NEWS.md':
    No news entries found.
Flavors: r-devel-linux-x86_64-debian-clang, r-devel-linux-x86_64-debian-gcc, r-devel-linux-x86_64-fedora-clang, r-devel-linux-x86_64-fedora-gcc, r-devel-windows-x86_64

Version: 1.2.0
Check: installed package size
Result: NOTE
     installed size is 6.7Mb
     sub-directories of 1Mb or more:
     libs 6.5Mb
Flavors: r-release-macos-arm64, r-release-macos-x86_64, r-oldrel-macos-arm64, r-oldrel-macos-x86_64