Last updated on 2024-03-28 19:48:43 CET.
Flavor | Version | Tinstall | Tcheck | Ttotal | Status | Flags |
---|---|---|---|---|---|---|
r-devel-linux-x86_64-debian-clang | 3.0.2 | 28.97 | 189.55 | 218.52 | NOTE | |
r-devel-linux-x86_64-debian-gcc | 3.0.2 | 25.28 | 139.43 | 164.71 | NOTE | |
r-devel-linux-x86_64-fedora-clang | 3.0.2 | 283.50 | NOTE | |||
r-devel-linux-x86_64-fedora-gcc | 3.0.2 | 266.70 | NOTE | |||
r-devel-windows-x86_64 | 3.0.2 | 26.00 | 143.00 | 169.00 | NOTE | |
r-patched-linux-x86_64 | 3.0.2 | 29.29 | 183.07 | 212.36 | NOTE | |
r-release-linux-x86_64 | 3.0.2 | 21.41 | 182.60 | 204.01 | OK | |
r-release-macos-arm64 | 3.0.2 | 62.00 | OK | |||
r-release-macos-x86_64 | 3.0.2 | 142.00 | OK | |||
r-release-windows-x86_64 | 3.0.2 | 32.00 | 177.00 | 209.00 | OK | |
r-oldrel-macos-arm64 | 3.0.2 | 68.00 | OK | |||
r-oldrel-windows-x86_64 | 3.0.2 | 34.00 | 178.00 | 212.00 | OK |
Version: 3.0.2
Check: Rd files
Result: NOTE
checkRd: (-1) app_server.Rd:10: Lost braces; missing escapes or markup?
10 | \item{input, output, session}{Internal parameters for {shiny}.
| ^
Flavors: r-devel-linux-x86_64-debian-clang, r-devel-linux-x86_64-debian-gcc, r-devel-linux-x86_64-fedora-clang, r-devel-linux-x86_64-fedora-gcc, r-devel-windows-x86_64, r-patched-linux-x86_64
Version: 3.0.2
Check: Rd cross-references
Result: NOTE
Undeclared packages ‘gbm’, ‘randomForest’ in Rd xrefs
Flavor: r-devel-linux-x86_64-fedora-clang