CRAN Package Check Results for Package refund.shiny

Last updated on 2022-09-28 21:51:47 CEST.

Flavor Version Tinstall Tcheck Ttotal Status Flags
r-devel-linux-x86_64-debian-clang 0.4.1 19.82 167.26 187.08 OK
r-devel-linux-x86_64-debian-gcc 0.4.1 12.82 121.36 134.18 OK
r-devel-linux-x86_64-fedora-clang 0.4.1 233.97 NOTE
r-devel-linux-x86_64-fedora-gcc 0.4.1 219.43 NOTE
r-devel-windows-x86_64 0.4.1 57.00 185.00 242.00 OK
r-patched-linux-x86_64 0.4.1 25.69 153.42 179.11 OK
r-release-linux-x86_64 0.4.1 16.27 151.44 167.71 OK
r-release-macos-arm64 0.4.1 58.00 NOTE
r-release-macos-x86_64 0.4.1 92.00 NOTE
r-release-windows-x86_64 0.4.1 53.00 175.00 228.00 OK
r-oldrel-macos-arm64 0.4.1 87.00 NOTE
r-oldrel-macos-x86_64 0.4.1 79.00 NOTE
r-oldrel-windows-ix86+x86_64 0.4.1 43.00 176.00 219.00 OK

Check Details

Version: 0.4.1
Check: dependencies in R code
Result: NOTE
    Namespace in Imports field not imported from: ‘registr’
     All declared Imports should be used.
Flavors: r-devel-linux-x86_64-fedora-clang, r-devel-linux-x86_64-fedora-gcc, r-release-macos-arm64, r-release-macos-x86_64, r-oldrel-macos-arm64, r-oldrel-macos-x86_64