Last updated on 2025-11-22 19:50:41 CET.
| Flavor | Version | Tinstall | Tcheck | Ttotal | Status | Flags |
|---|---|---|---|---|---|---|
| r-devel-linux-x86_64-debian-clang | 2025.06.0 | 44.33 | 59.97 | 104.30 | OK | |
| r-devel-linux-x86_64-debian-gcc | 2025.06.0 | 32.91 | 43.45 | 76.36 | OK | |
| r-devel-linux-x86_64-fedora-clang | 2025.06.0 | 282.00 | -115.20 | 166.80 | OK | |
| r-devel-linux-x86_64-fedora-gcc | 2025.06.0 | 281.00 | -110.61 | 170.39 | OK | |
| r-devel-windows-x86_64 | 2024.12.0 | 50.00 | 67.00 | 117.00 | OK | |
| r-patched-linux-x86_64 | 2024.12.0 | 45.73 | 57.15 | 102.88 | OK | |
| r-release-linux-x86_64 | 2024.12.0 | 48.35 | 56.86 | 105.21 | OK | |
| r-release-macos-arm64 | 2025.06.0 | 18.00 | 20.00 | 38.00 | OK | |
| r-release-macos-x86_64 | 2025.06.0 | 60.00 | 73.00 | 133.00 | OK | |
| r-release-windows-x86_64 | 2024.12.0 | 44.00 | 68.00 | 112.00 | OK | |
| r-oldrel-macos-arm64 | 2025.06.0 | 17.00 | 24.00 | 41.00 | NOTE | |
| r-oldrel-macos-x86_64 | 2025.06.0 | 64.00 | 89.00 | 153.00 | NOTE | |
| r-oldrel-windows-x86_64 | 2024.12.0 | 66.00 | 86.00 | 152.00 | OK |
Version: 2025.06.0
Check: installed package size
Result: NOTE
installed size is 5.3Mb
sub-directories of 1Mb or more:
data 5.1Mb
Flavors: r-oldrel-macos-arm64, r-oldrel-macos-x86_64