Last updated on 2024-07-17 20:57:09 CEST.
Flavor | Version | Tinstall | Tcheck | Ttotal | Status | Flags |
---|---|---|---|---|---|---|
r-devel-linux-x86_64-debian-clang | 1.2.2 | 13.98 | 111.94 | 125.92 | OK | |
r-devel-linux-x86_64-debian-gcc | 1.2.2 | 10.77 | 81.64 | 92.41 | OK | |
r-devel-linux-x86_64-fedora-clang | 1.2.2 | 151.34 | NOTE | |||
r-devel-linux-x86_64-fedora-gcc | 1.2.2 | 142.90 | NOTE | |||
r-devel-windows-x86_64 | 1.2.2 | 12.00 | 105.00 | 117.00 | OK | |
r-patched-linux-x86_64 | 1.2.2 | 10.32 | 106.07 | 116.39 | OK | |
r-release-linux-x86_64 | 1.2.2 | 8.87 | 104.54 | 113.41 | OK | |
r-release-macos-arm64 | 1.2.2 | 43.00 | OK | |||
r-release-macos-x86_64 | 1.2.2 | 78.00 | OK | |||
r-release-windows-x86_64 | 1.2.2 | 11.00 | 107.00 | 118.00 | OK | |
r-oldrel-macos-arm64 | 1.2.2 | 49.00 | OK | |||
r-oldrel-macos-x86_64 | 1.2.2 | 88.00 | OK | |||
r-oldrel-windows-x86_64 | 1.2.2 | 15.00 | 122.00 | 137.00 | OK |
Version: 1.2.2
Check: dependencies in R code
Result: NOTE
Namespaces in Imports field not imported from:
‘SemiPar’ ‘caret’ ‘dplyr’ ‘scales’
All declared Imports should be used.
Flavors: r-devel-linux-x86_64-fedora-clang, r-devel-linux-x86_64-fedora-gcc