CRAN Package Check Results for Package redoc

Last updated on 2023-02-03 20:51:34 CET.

Flavor Version Tinstall Tcheck Ttotal Status Flags
r-devel-linux-x86_64-debian-clang 2.0.0.49 2.16 20.41 22.57 NOTE
r-devel-linux-x86_64-debian-gcc 2.0.0.49 1.74 16.22 17.96 NOTE
r-devel-linux-x86_64-fedora-clang 2.0.0.49 28.80 NOTE
r-devel-linux-x86_64-fedora-gcc 2.0.0.49 27.77 NOTE
r-patched-linux-x86_64 2.0.0.49 1.94 20.71 22.65 NOTE
r-release-linux-x86_64 2.0.0.49 2.11 20.52 22.63 NOTE
r-release-macos-arm64 2.0.0.49 13.00 NOTE
r-release-macos-x86_64 2.0.0.49 20.00 NOTE
r-release-windows-x86_64 2.0.0.49 13.00 51.00 64.00 NOTE
r-oldrel-macos-arm64 2.0.0.49 15.00 NOTE
r-oldrel-macos-x86_64 2.0.0.49 26.00 NOTE
r-oldrel-windows-ix86+x86_64 2.0.0.49 6.00 46.00 52.00 NOTE

Check Details

Version: 2.0.0.49
Check: LazyData
Result: NOTE
     'LazyData' is specified without a 'data' directory
Flavors: r-devel-linux-x86_64-debian-clang, r-devel-linux-x86_64-debian-gcc, r-devel-linux-x86_64-fedora-clang, r-devel-linux-x86_64-fedora-gcc, r-patched-linux-x86_64, r-release-linux-x86_64, r-release-macos-arm64, r-release-macos-x86_64, r-release-windows-x86_64, r-oldrel-macos-arm64, r-oldrel-macos-x86_64, r-oldrel-windows-ix86+x86_64