Last updated on 2024-03-28 19:48:42 CET.
Flavor | Version | Tinstall | Tcheck | Ttotal | Status | Flags |
---|---|---|---|---|---|---|
r-devel-linux-x86_64-debian-clang | 1.0.7 | 156.79 | 92.83 | 249.62 | WARN | |
r-devel-linux-x86_64-debian-gcc | 1.0.7 | 113.47 | 68.53 | 182.00 | OK | |
r-devel-linux-x86_64-fedora-clang | 1.0.7 | 359.80 | OK | |||
r-devel-linux-x86_64-fedora-gcc | 1.0.7 | 358.94 | OK | |||
r-devel-windows-x86_64 | 1.0.7 | 118.00 | 117.00 | 235.00 | OK | |
r-patched-linux-x86_64 | 1.0.7 | 148.07 | 90.40 | 238.47 | OK | |
r-release-linux-x86_64 | 1.0.7 | 148.40 | 86.09 | 234.49 | OK | |
r-release-macos-arm64 | 1.0.7 | 115.00 | NOTE | |||
r-release-macos-x86_64 | 1.0.7 | 128.00 | NOTE | |||
r-release-windows-x86_64 | 1.0.7 | 144.00 | 138.00 | 282.00 | OK | |
r-oldrel-macos-arm64 | 1.0.7 | 92.00 | NOTE | |||
r-oldrel-windows-x86_64 | 1.0.7 | 144.00 | 136.00 | 280.00 | OK |
Version: 1.0.7
Check: whether package can be installed
Result: WARN
Found the following significant warnings:
/usr/bin/../lib/gcc/x86_64-linux-gnu/14/../../../../include/c++/14/functional:558:2: warning: 'result_of<(lambda at /home/hornik/tmp/R.check/r-devel-clang/Work/build/Packages/RcppThread/include/RcppThread/ThreadPool.hpp:187:24) &()>' is deprecated: use 'std::invoke_result' instead [-Wdeprecated-declarations]
/usr/bin/../lib/gcc/x86_64-linux-gnu/14/../../../../include/c++/14/functional:558:2: warning: 'result_of<std::_Bind<(lambda at /home/hornik/tmp/R.check/r-devel-clang/Work/build/Packages/RcppThread/include/RcppThread/ThreadPool.hpp:187:24) ()> &()>' is deprecated: use 'std::invoke_result' instead [-Wdeprecated-declarations]
/usr/bin/../lib/gcc/x86_64-linux-gnu/14/../../../../include/c++/14/functional:558:2: warning: 'result_of<(lambda at /home/hornik/tmp/R.check/r-devel-clang/Work/build/Packages/RcppThread/include/RcppThread/ThreadPool.hpp:200:24) &()>' is deprecated: use 'std::invoke_result' instead [-Wdeprecated-declarations]
/usr/bin/../lib/gcc/x86_64-linux-gnu/14/../../../../include/c++/14/functional:558:2: warning: 'result_of<std::_Bind<(lambda at /home/hornik/tmp/R.check/r-devel-clang/Work/build/Packages/RcppThread/include/RcppThread/ThreadPool.hpp:200:24) ()> &()>' is deprecated: use 'std::invoke_result' instead [-Wdeprecated-declarations]
See ‘/home/hornik/tmp/R.check/r-devel-clang/Work/PKGS/redistmetrics.Rcheck/00install.out’ for details.
* used C++ compiler: ‘Debian clang version 18.1.0 (rc4-1)’
Flavor: r-devel-linux-x86_64-debian-clang
Version: 1.0.7
Check: installed package size
Result: NOTE
installed size is 5.0Mb
sub-directories of 1Mb or more:
libs 4.3Mb
Flavors: r-release-macos-arm64, r-release-macos-x86_64, r-oldrel-macos-arm64