Last updated on 2023-01-27 20:49:21 CET.
Flavor | Version | Tinstall | Tcheck | Ttotal | Status | Flags |
---|---|---|---|---|---|---|
r-devel-linux-x86_64-debian-clang | 4.0.1 | 462.19 | 401.92 | 864.11 | OK | |
r-devel-linux-x86_64-debian-gcc | 4.0.1 | 351.82 | 283.57 | 635.39 | NOTE | |
r-devel-linux-x86_64-fedora-clang | 4.0.1 | 1207.34 | NOTE | |||
r-devel-linux-x86_64-fedora-gcc | 4.0.1 | 1175.65 | NOTE | |||
r-patched-linux-x86_64 | 4.0.1 | 341.98 | 360.79 | 702.77 | OK | |
r-release-linux-x86_64 | 4.0.1 | 297.42 | 356.83 | 654.25 | OK | |
r-release-macos-arm64 | 4.0.1 | 225.00 | NOTE | |||
r-release-macos-x86_64 | 4.0.1 | 342.00 | NOTE | |||
r-release-windows-x86_64 | 4.0.1 | 413.00 | 530.00 | 943.00 | NOTE | |
r-oldrel-macos-arm64 | 4.0.1 | 207.00 | NOTE | |||
r-oldrel-macos-x86_64 | 4.0.1 | 346.00 | NOTE | |||
r-oldrel-windows-ix86+x86_64 | 4.0.1 | 1106.00 | 641.00 | 1747.00 | NOTE |
Version: 4.0.1
Check: C++ specification
Result: NOTE
Specified C++11: please update to current default of C++17
Flavors: r-devel-linux-x86_64-debian-gcc, r-devel-linux-x86_64-fedora-clang, r-devel-linux-x86_64-fedora-gcc
Version: 4.0.1
Check: installed package size
Result: NOTE
installed size is 5.4Mb
sub-directories of 1Mb or more:
data 1.2Mb
libs 1.4Mb
Flavors: r-devel-linux-x86_64-fedora-clang, r-release-macos-arm64, r-release-macos-x86_64, r-release-windows-x86_64, r-oldrel-macos-arm64, r-oldrel-macos-x86_64, r-oldrel-windows-ix86+x86_64
Version: 4.0.1
Check: package dependencies
Result: NOTE
Package suggested but not available for checking: ‘Rmpi’
Flavors: r-release-macos-arm64, r-release-macos-x86_64, r-oldrel-macos-arm64, r-oldrel-macos-x86_64