Last updated on 2023-09-22 20:52:03 CEST.
Flavor | Version | Tinstall | Tcheck | Ttotal | Status | Flags |
---|---|---|---|---|---|---|
r-devel-linux-x86_64-debian-clang | 0.1-3 | 2.64 | 27.83 | 30.47 | NOTE | |
r-devel-linux-x86_64-debian-gcc | 0.1-3 | 1.79 | 21.84 | 23.63 | NOTE | |
r-devel-linux-x86_64-fedora-clang | 0.1-3 | 40.01 | NOTE | |||
r-devel-linux-x86_64-fedora-gcc | 0.1-3 | 36.88 | NOTE | |||
r-devel-windows-x86_64 | 0.1-3 | 4.00 | 55.00 | 59.00 | NOTE | |
r-patched-linux-x86_64 | 0.1-3 | 3.52 | 27.20 | 30.72 | NOTE | |
r-release-linux-x86_64 | 0.1-3 | 2.58 | 27.59 | 30.17 | NOTE | |
r-release-macos-arm64 | 0.1-3 | 18.00 | NOTE | |||
r-release-macos-x86_64 | 0.1-3 | 25.00 | NOTE | |||
r-release-windows-x86_64 | 0.1-3 | 6.00 | 52.00 | 58.00 | NOTE | |
r-oldrel-macos-arm64 | 0.1-3 | 19.00 | NOTE | |||
r-oldrel-macos-x86_64 | 0.1-3 | 23.00 | NOTE | |||
r-oldrel-windows-x86_64 | 0.1-3 | 4.00 | 52.00 | 56.00 | NOTE |
Version: 0.1-3
Check: LazyData
Result: NOTE
'LazyData' is specified without a 'data' directory
Flavors: r-devel-linux-x86_64-debian-clang, r-devel-linux-x86_64-debian-gcc, r-devel-linux-x86_64-fedora-clang, r-devel-linux-x86_64-fedora-gcc, r-devel-windows-x86_64, r-patched-linux-x86_64, r-release-linux-x86_64, r-release-macos-arm64, r-release-macos-x86_64, r-release-windows-x86_64, r-oldrel-macos-arm64, r-oldrel-macos-x86_64, r-oldrel-windows-x86_64