CRAN Package Check Results for Package reasonabletools

Last updated on 2025-02-21 19:50:37 CET.

Flavor Version Tinstall Tcheck Ttotal Status Flags
r-devel-linux-x86_64-debian-clang 0.1 1.83 17.30 19.13 OK
r-devel-linux-x86_64-debian-gcc 0.1 1.39 14.14 15.53 OK
r-devel-linux-x86_64-fedora-clang 0.1 30.20 OK
r-devel-linux-x86_64-fedora-gcc 0.1 29.23 OK
r-devel-macos-arm64 0.1 15.00 OK
r-devel-macos-x86_64 0.1 24.00 OK
r-devel-windows-x86_64 0.1 3.00 46.00 49.00 OK
r-patched-linux-x86_64 0.1 1.87 16.67 18.54 NOTE
r-release-linux-x86_64 0.1 1.70 16.84 18.54 NOTE
r-release-macos-arm64 0.1 13.00 NOTE
r-release-macos-x86_64 0.1 19.00 NOTE
r-release-windows-x86_64 0.1 3.00 40.00 43.00 NOTE
r-oldrel-macos-arm64 0.1 15.00 NOTE
r-oldrel-macos-x86_64 0.1 17.00 NOTE
r-oldrel-windows-x86_64 0.1 5.00 41.00 46.00 NOTE

Check Details

Version: 0.1
Check: LazyData
Result: NOTE 'LazyData' is specified without a 'data' directory Flavors: r-patched-linux-x86_64, r-release-linux-x86_64, r-release-macos-arm64, r-release-macos-x86_64, r-release-windows-x86_64, r-oldrel-macos-arm64, r-oldrel-macos-x86_64, r-oldrel-windows-x86_64