Last updated on 2024-03-27 19:57:02 CET.
Flavor | Version | Tinstall | Tcheck | Ttotal | Status | Flags |
---|---|---|---|---|---|---|
r-devel-linux-x86_64-debian-clang | 1.0.6 | 1.26 | 19.58 | 20.84 | NOTE | |
r-devel-linux-x86_64-debian-gcc | 1.0.6 | 1.60 | 15.40 | 17.00 | NOTE | |
r-devel-linux-x86_64-fedora-clang | 1.0.6 | 27.29 | NOTE | |||
r-devel-linux-x86_64-fedora-gcc | 1.0.6 | 26.70 | NOTE | |||
r-devel-windows-x86_64 | 1.0.6 | 2.00 | 33.00 | 35.00 | NOTE | |
r-patched-linux-x86_64 | 1.0.6 | 2.14 | 19.49 | 21.63 | NOTE | |
r-release-linux-x86_64 | 1.0.6 | 1.42 | 18.75 | 20.17 | NOTE | |
r-release-macos-arm64 | 1.0.6 | 13.00 | NOTE | |||
r-release-macos-x86_64 | 1.0.6 | 18.00 | NOTE | |||
r-release-windows-x86_64 | 1.0.6 | 5.00 | 33.00 | 38.00 | NOTE | |
r-oldrel-macos-arm64 | 1.0.6 | 13.00 | NOTE | |||
r-oldrel-windows-x86_64 | 1.0.6 | 4.00 | 42.00 | 46.00 | NOTE |
Version: 1.0.6
Check: Rd files
Result: NOTE
checkRd: (-1) Read.mnist.Rd:31: Lost braces
31 | item{mark}{the remark of the Info}
| ^
checkRd: (-1) Read.mnist.Rd:31: Lost braces
31 | item{mark}{the remark of the Info}
| ^
Flavors: r-devel-linux-x86_64-debian-clang, r-devel-linux-x86_64-debian-gcc, r-devel-linux-x86_64-fedora-clang, r-devel-linux-x86_64-fedora-gcc, r-devel-windows-x86_64
Version: 1.0.6
Check: Rd contents
Result: NOTE
Auto-generated content requiring editing in Rd file 'readmnist-package.Rd':
\details: ‘...the package, including the most important ~~ ~~ functions ~~’
Flavors: r-devel-linux-x86_64-debian-clang, r-devel-linux-x86_64-debian-gcc, r-devel-linux-x86_64-fedora-clang, r-devel-linux-x86_64-fedora-gcc, r-devel-windows-x86_64
Version: 1.0.6
Check: LazyData
Result: NOTE
'LazyData' is specified without a 'data' directory
Flavors: r-devel-linux-x86_64-debian-clang, r-devel-linux-x86_64-debian-gcc, r-devel-linux-x86_64-fedora-clang, r-devel-linux-x86_64-fedora-gcc, r-devel-windows-x86_64, r-patched-linux-x86_64, r-release-linux-x86_64, r-release-macos-arm64, r-release-macos-x86_64, r-release-windows-x86_64, r-oldrel-macos-arm64, r-oldrel-windows-x86_64