Last updated on 2025-05-06 20:50:51 CEST.
Flavor | Version | Tinstall | Tcheck | Ttotal | Status | Flags |
---|---|---|---|---|---|---|
r-devel-linux-x86_64-debian-clang | 0.2.2 | 1.60 | 18.96 | 20.56 | NOTE | |
r-devel-linux-x86_64-debian-gcc | 0.2.2 | 1.35 | 15.60 | 16.95 | NOTE | |
r-devel-linux-x86_64-fedora-clang | 0.2.2 | 32.31 | OK | |||
r-devel-linux-x86_64-fedora-gcc | 0.2.2 | 32.82 | OK | |||
r-devel-windows-x86_64 | 0.2.2 | 3.00 | 39.00 | 42.00 | OK | |
r-patched-linux-x86_64 | 0.2.2 | 1.64 | 18.25 | 19.89 | OK | |
r-release-linux-x86_64 | 0.2.2 | 1.81 | 18.14 | 19.95 | OK | |
r-release-macos-arm64 | 0.2.2 | 18.00 | OK | |||
r-release-macos-x86_64 | 0.2.2 | 23.00 | OK | |||
r-release-windows-x86_64 | 0.2.2 | 3.00 | 38.00 | 41.00 | OK | |
r-oldrel-macos-arm64 | 0.2.2 | 16.00 | NOTE | |||
r-oldrel-macos-x86_64 | 0.2.2 | 22.00 | NOTE | |||
r-oldrel-windows-x86_64 | 0.2.2 | 3.00 | 42.00 | 45.00 | NOTE |
Version: 0.2.2
Check: CRAN incoming feasibility
Result: NOTE
Maintainer: ‘Mark Ewing <b.mark@ewingsonline.com>’
No Authors@R field in DESCRIPTION.
Please add one, modifying
Authors@R: person(given = "Mark",
family = "Ewing",
role = c("aut", "cre"),
email = "b.mark@ewingsonline.com")
as necessary.
Flavors: r-devel-linux-x86_64-debian-clang, r-devel-linux-x86_64-debian-gcc
Version: 0.2.2
Check: LazyData
Result: NOTE
'LazyData' is specified without a 'data' directory
Flavors: r-oldrel-macos-arm64, r-oldrel-macos-x86_64, r-oldrel-windows-x86_64