Last updated on 2024-03-28 19:48:42 CET.
Flavor | Version | Tinstall | Tcheck | Ttotal | Status | Flags |
---|---|---|---|---|---|---|
r-devel-linux-x86_64-debian-clang | 2.2.0 | 29.06 | 55.68 | 84.74 | OK | |
r-devel-linux-x86_64-debian-gcc | 2.2.0 | 21.32 | 42.33 | 63.65 | OK | |
r-devel-linux-x86_64-fedora-clang | 2.2.0 | 120.50 | NOTE | |||
r-devel-linux-x86_64-fedora-gcc | 2.2.0 | 122.47 | OK | |||
r-devel-windows-x86_64 | 2.2.0 | 27.00 | 83.00 | 110.00 | OK | |
r-patched-linux-x86_64 | 2.2.0 | 32.60 | 54.33 | 86.93 | OK | |
r-release-linux-x86_64 | 2.2.0 | 28.40 | 52.87 | 81.27 | OK | |
r-release-macos-arm64 | 2.2.0 | 51.00 | OK | |||
r-release-macos-x86_64 | 2.2.0 | 79.00 | OK | |||
r-release-windows-x86_64 | 2.2.0 | 34.00 | 93.00 | 127.00 | OK | |
r-oldrel-macos-arm64 | 2.2.0 | 41.00 | OK | |||
r-oldrel-windows-x86_64 | 2.2.0 | 29.00 | 93.00 | 122.00 | OK |
Version: 2.2.0
Check: Rd cross-references
Result: NOTE
Undeclared packages ‘writexl’, ‘openxlsx’ in Rd xrefs
Flavor: r-devel-linux-x86_64-fedora-clang