Last updated on 2023-03-26 01:52:06 CET.
Flavor | Version | Tinstall | Tcheck | Ttotal | Status | Flags |
---|---|---|---|---|---|---|
r-devel-linux-x86_64-debian-clang | 2.0.0 | 10.43 | 105.78 | 116.21 | NOTE | |
r-devel-linux-x86_64-debian-gcc | 2.0.0 | 8.53 | 80.64 | 89.17 | NOTE | |
r-devel-linux-x86_64-fedora-clang | 2.0.0 | 145.19 | NOTE | |||
r-devel-linux-x86_64-fedora-gcc | 2.0.0 | 135.58 | NOTE | |||
r-patched-linux-x86_64 | 2.0.0 | 7.96 | 100.70 | 108.66 | NOTE | |
r-release-linux-x86_64 | 2.0.0 | 6.77 | 101.28 | 108.05 | NOTE | |
r-release-macos-arm64 | 2.0.0 | 35.00 | NOTE | |||
r-release-macos-x86_64 | 2.0.0 | 68.00 | NOTE | |||
r-release-windows-x86_64 | 2.0.0 | 76.00 | 192.00 | 268.00 | NOTE | |
r-oldrel-macos-arm64 | 2.0.0 | 36.00 | NOTE | |||
r-oldrel-macos-x86_64 | 2.0.0 | 50.00 | NOTE | |||
r-oldrel-windows-ix86+x86_64 | 2.0.0 | 18.00 | 143.00 | 161.00 | NOTE |
Version: 2.0.0
Check: package dependencies
Result: NOTE
Package suggested but not available for checking: ‘dataui’
Flavors: r-devel-linux-x86_64-debian-clang, r-devel-linux-x86_64-debian-gcc, r-devel-linux-x86_64-fedora-clang, r-devel-linux-x86_64-fedora-gcc, r-patched-linux-x86_64, r-release-linux-x86_64, r-release-macos-arm64, r-release-macos-x86_64, r-release-windows-x86_64, r-oldrel-macos-arm64, r-oldrel-macos-x86_64, r-oldrel-windows-ix86+x86_64