Last updated on 2025-02-20 19:51:42 CET.
Flavor | Version | Tinstall | Tcheck | Ttotal | Status | Flags |
---|---|---|---|---|---|---|
r-devel-linux-x86_64-debian-clang | 1.0.14 | 7.54 | 125.25 | 132.79 | NOTE | |
r-devel-linux-x86_64-debian-gcc | 1.0.14 | 7.00 | 88.97 | 95.97 | NOTE | |
r-devel-linux-x86_64-fedora-clang | 1.0.14 | 201.86 | NOTE | |||
r-devel-linux-x86_64-fedora-gcc | 1.0.14 | 186.91 | NOTE | |||
r-devel-macos-arm64 | 1.0.14 | 55.00 | OK | |||
r-devel-macos-x86_64 | 1.0.14 | 154.00 | NOTE | |||
r-devel-windows-x86_64 | 1.0.14 | 11.00 | 128.00 | 139.00 | NOTE | |
r-patched-linux-x86_64 | 1.0.14 | 7.31 | 118.44 | 125.75 | OK | |
r-release-linux-x86_64 | 1.0.14 | 6.33 | 118.19 | 124.52 | OK | |
r-release-macos-arm64 | 1.0.14 | 78.00 | OK | |||
r-release-macos-x86_64 | 1.0.14 | 110.00 | OK | |||
r-release-windows-x86_64 | 1.0.14 | 12.00 | 128.00 | 140.00 | OK | |
r-oldrel-macos-arm64 | 1.0.14 | 77.00 | OK | |||
r-oldrel-macos-x86_64 | 1.0.14 | 123.00 | OK | |||
r-oldrel-windows-x86_64 | 1.0.14 | 15.00 | 177.00 | 192.00 | OK |
Version: 1.0.14
Check: DESCRIPTION meta-information
Result: NOTE
Missing dependency on R >= 4.1.0 because package code uses the pipe
|> or function shorthand \(...) syntax added in R 4.1.0.
File(s) using such syntax:
‘helpers-process-tracing.R’
Flavors: r-devel-linux-x86_64-debian-clang, r-devel-linux-x86_64-debian-gcc, r-devel-linux-x86_64-fedora-clang, r-devel-linux-x86_64-fedora-gcc, r-devel-macos-x86_64, r-devel-windows-x86_64