Last updated on 2025-05-07 20:49:54 CEST.
Flavor | Version | Tinstall | Tcheck | Ttotal | Status | Flags |
---|---|---|---|---|---|---|
r-devel-linux-x86_64-debian-clang | 0.1-5 | 2.89 | 29.96 | 32.85 | NOTE | |
r-devel-linux-x86_64-debian-gcc | 0.1-5 | 2.04 | 23.13 | 25.17 | NOTE | |
r-devel-linux-x86_64-fedora-clang | 0.1-5 | 57.71 | OK | |||
r-devel-linux-x86_64-fedora-gcc | 0.1-5 | 68.92 | OK | |||
r-devel-windows-x86_64 | 0.1-5 | 5.00 | 50.00 | 55.00 | OK | |
r-patched-linux-x86_64 | 0.1-5 | 3.38 | 28.73 | 32.11 | OK | |
r-release-linux-x86_64 | 0.1-5 | 3.34 | 28.68 | 32.02 | OK | |
r-release-macos-arm64 | 0.1-5 | 25.00 | OK | |||
r-release-macos-x86_64 | 0.1-5 | 41.00 | OK | |||
r-release-windows-x86_64 | 0.1-5 | 6.00 | 52.00 | 58.00 | OK | |
r-oldrel-macos-arm64 | 0.1-5 | 23.00 | OK | |||
r-oldrel-macos-x86_64 | 0.1-5 | 34.00 | OK | |||
r-oldrel-windows-x86_64 | 0.1-5 | 6.00 | 58.00 | 64.00 | OK |
Version: 0.1-5
Check: CRAN incoming feasibility
Result: NOTE
Maintainer: ‘Christian Graul <christian.graul@gmail.com>’
No Authors@R field in DESCRIPTION.
Please add one, modifying
Authors@R: person(given = "Christian",
family = "Graul",
role = c("aut", "cre"),
email = "christian.graul@gmail.com")
as necessary.
Package CITATION file contains call(s) to old-style citEntry(). Please
use bibentry() instead.
Flavors: r-devel-linux-x86_64-debian-clang, r-devel-linux-x86_64-debian-gcc