Last updated on 2023-03-21 19:57:21 CET.
Flavor | Version | Tinstall | Tcheck | Ttotal | Status | Flags |
---|---|---|---|---|---|---|
r-devel-linux-x86_64-debian-clang | 2.0.0 | 3.84 | 25.50 | 29.34 | OK | |
r-devel-linux-x86_64-debian-gcc | 2.0.0 | 3.37 | 20.32 | 23.69 | OK | |
r-devel-linux-x86_64-fedora-clang | 2.0.0 | 37.92 | NOTE | |||
r-devel-linux-x86_64-fedora-gcc | 2.0.0 | 35.67 | OK | |||
r-patched-linux-x86_64 | 2.0.0 | 5.24 | 25.27 | 30.51 | OK | |
r-release-linux-x86_64 | 2.0.0 | 4.09 | 25.41 | 29.50 | OK | |
r-release-macos-arm64 | 2.0.0 | 17.00 | NOTE | |||
r-release-macos-x86_64 | 2.0.0 | 25.00 | NOTE | |||
r-release-windows-x86_64 | 2.0.0 | 510.00 | 54.00 | 564.00 | NOTE | |
r-oldrel-macos-arm64 | 2.0.0 | 19.00 | NOTE | |||
r-oldrel-macos-x86_64 | 2.0.0 | 34.00 | NOTE | |||
r-oldrel-windows-ix86+x86_64 | 2.0.0 | 11.00 | 49.00 | 60.00 | NOTE |
Version: 2.0.0
Check: installed package size
Result: NOTE
installed size is 7.8Mb
sub-directories of 1Mb or more:
corpora 7.6Mb
Flavors: r-devel-linux-x86_64-fedora-clang, r-release-macos-arm64, r-release-macos-x86_64, r-release-windows-x86_64, r-oldrel-macos-arm64, r-oldrel-macos-x86_64, r-oldrel-windows-ix86+x86_64