Last updated on 2024-07-17 20:57:09 CEST.
Flavor | Version | Tinstall | Tcheck | Ttotal | Status | Flags |
---|---|---|---|---|---|---|
r-devel-linux-x86_64-debian-clang | 1.8.8 | 2.74 | 39.03 | 41.77 | NOTE | |
r-devel-linux-x86_64-debian-gcc | 1.8.8 | 2.85 | 28.96 | 31.81 | NOTE | |
r-devel-linux-x86_64-fedora-clang | 1.8.8 | 55.05 | NOTE | |||
r-devel-linux-x86_64-fedora-gcc | 1.8.8 | 51.35 | NOTE | |||
r-devel-windows-x86_64 | 1.8.8 | 4.00 | 54.00 | 58.00 | NOTE | |
r-patched-linux-x86_64 | 1.8.8 | 4.14 | 36.43 | 40.57 | NOTE | |
r-release-linux-x86_64 | 1.8.8 | 2.99 | 36.39 | 39.38 | NOTE | |
r-release-macos-arm64 | 1.8.8 | 21.00 | NOTE | |||
r-release-macos-x86_64 | 1.8.8 | 31.00 | NOTE | |||
r-release-windows-x86_64 | 1.8.8 | 4.00 | 56.00 | 60.00 | NOTE | |
r-oldrel-macos-arm64 | 1.8.8 | 21.00 | NOTE | |||
r-oldrel-macos-x86_64 | 1.8.8 | 29.00 | NOTE | |||
r-oldrel-windows-x86_64 | 1.8.8 | 5.00 | 59.00 | 64.00 | NOTE |
Version: 1.8.8
Check: package dependencies
Result: NOTE
Package suggested but not available for checking: ‘rrelaxiv’
Flavors: r-devel-linux-x86_64-debian-clang, r-devel-linux-x86_64-debian-gcc, r-devel-linux-x86_64-fedora-clang, r-devel-linux-x86_64-fedora-gcc, r-devel-windows-x86_64, r-patched-linux-x86_64, r-release-linux-x86_64, r-release-macos-arm64, r-release-macos-x86_64, r-release-windows-x86_64, r-oldrel-macos-arm64, r-oldrel-macos-x86_64, r-oldrel-windows-x86_64