CRAN Package Check Results for Package rbmi

Last updated on 2022-11-29 20:53:09 CET.

Flavor Version Tinstall Tcheck Ttotal Status Flags
r-devel-linux-x86_64-debian-clang 1.2.3 143.62 330.53 474.15 NOTE
r-devel-linux-x86_64-debian-gcc 1.2.3 124.24 247.24 371.48 NOTE
r-devel-linux-x86_64-fedora-clang 1.2.3 598.31 NOTE
r-devel-linux-x86_64-fedora-gcc 1.2.3 623.11 NOTE
r-devel-windows-x86_64 1.2.3 360.00 456.00 816.00 NOTE
r-patched-linux-x86_64 1.2.3 149.04 308.72 457.76 NOTE
r-release-linux-x86_64 1.2.3 110.76 309.02 419.78 NOTE
r-release-macos-arm64 1.2.3 206.00 NOTE
r-release-macos-x86_64 1.2.3 227.00 NOTE
r-release-windows-x86_64 1.2.3 354.00 433.00 787.00 NOTE
r-oldrel-macos-arm64 1.2.3 161.00 NOTE
r-oldrel-macos-x86_64 1.2.3 231.00 NOTE
r-oldrel-windows-ix86+x86_64 1.2.3 336.00 634.00 970.00 NOTE

Check Details

Version: 1.2.3
Check: for GNU extensions in Makefiles
Result: NOTE
    GNU make is a SystemRequirements.
Flavors: r-devel-linux-x86_64-debian-clang, r-devel-linux-x86_64-debian-gcc, r-devel-linux-x86_64-fedora-clang, r-devel-linux-x86_64-fedora-gcc, r-devel-windows-x86_64, r-patched-linux-x86_64, r-release-linux-x86_64, r-release-macos-arm64, r-release-macos-x86_64, r-release-windows-x86_64, r-oldrel-macos-arm64, r-oldrel-macos-x86_64, r-oldrel-windows-ix86+x86_64

Version: 1.2.3
Check: installed package size
Result: NOTE
     installed size is 40.6Mb
     sub-directories of 1Mb or more:
     libs 39.4Mb
Flavors: r-release-macos-arm64, r-release-macos-x86_64, r-oldrel-macos-arm64, r-oldrel-macos-x86_64, r-oldrel-windows-ix86+x86_64