Last updated on 2023-01-30 20:55:55 CET.
Flavor | Version | Tinstall | Tcheck | Ttotal | Status | Flags |
---|---|---|---|---|---|---|
r-devel-linux-x86_64-debian-clang | 0.2.0 | 4.13 | 94.00 | 98.13 | OK | |
r-devel-linux-x86_64-debian-gcc | 0.2.0 | 3.25 | 67.12 | 70.37 | OK | |
r-devel-linux-x86_64-fedora-clang | 0.2.0 | 112.73 | OK | |||
r-devel-linux-x86_64-fedora-gcc | 0.2.0 | 130.58 | OK | |||
r-devel-windows-x86_64 | 0.2.0 | 25.00 | 110.00 | 135.00 | ERROR | |
r-patched-linux-x86_64 | 0.2.0 | 3.74 | 85.87 | 89.61 | OK | |
r-release-linux-x86_64 | 0.2.0 | 3.56 | 88.68 | 92.24 | OK | |
r-release-macos-arm64 | 0.2.0 | 45.00 | OK | |||
r-release-macos-x86_64 | 0.2.0 | 69.00 | OK | |||
r-release-windows-x86_64 | 0.2.0 | 10.00 | 129.00 | 139.00 | OK | |
r-oldrel-macos-arm64 | 0.2.0 | 43.00 | OK | |||
r-oldrel-macos-x86_64 | 0.2.0 | 49.00 | OK | |||
r-oldrel-windows-ix86+x86_64 | 0.2.0 | 9.00 | 101.00 | 110.00 | OK |
Version: 0.2.0
Check: re-building of vignette outputs
Result: ERROR
Error(s) in re-building vignettes:
--- re-building 'introduction.Rmd' using rmarkdown
pandoc.exe: getMBlocks: VirtualAlloc MEM_COMMIT failed: Die Auslagerungsdatei ist zu klein, um diesen Vorgang durchzuf<fc>hren.
Error: processing vignette 'introduction.Rmd' failed with diagnostics:
pandoc document conversion failed with error 251
--- failed re-building 'introduction.Rmd'
SUMMARY: processing the following file failed:
'introduction.Rmd'
Error: Vignette re-building failed.
Execution halted
Flavor: r-devel-windows-x86_64
Version: 0.2.0
Check: PDF version of manual
Result: WARN
LaTeX errors when creating PDF version.
This typically indicates Rd problems.
Flavor: r-devel-windows-x86_64