Last updated on 2024-03-28 19:48:42 CET.
Flavor | Version | Tinstall | Tcheck | Ttotal | Status | Flags |
---|---|---|---|---|---|---|
r-devel-linux-x86_64-debian-clang | 0.3.2 | 78.15 | 74.94 | 153.09 | OK | |
r-devel-linux-x86_64-debian-gcc | 0.3.2 | 65.30 | 55.56 | 120.86 | OK | |
r-devel-linux-x86_64-fedora-clang | 0.3.2 | 252.86 | NOTE | |||
r-devel-linux-x86_64-fedora-gcc | 0.3.2 | 217.64 | NOTE | |||
r-devel-windows-x86_64 | 0.3.2 | 81.00 | 100.00 | 181.00 | OK | |
r-patched-linux-x86_64 | 0.3.2 | 57.02 | 72.33 | 129.35 | OK | |
r-release-linux-x86_64 | 0.3.2 | 58.52 | 69.91 | 128.43 | OK | |
r-release-macos-arm64 | 0.3.2 | 67.00 | NOTE | |||
r-release-macos-x86_64 | 0.3.2 | 105.00 | NOTE | |||
r-release-windows-x86_64 | 0.3.2 | 100.00 | 113.00 | 213.00 | OK | |
r-oldrel-macos-arm64 | 0.3.2 | 59.00 | NOTE | |||
r-oldrel-windows-x86_64 | 0.3.2 | 82.00 | 105.00 | 187.00 | OK |
Version: 0.3.2
Check: for GNU extensions in Makefiles
Result: NOTE
GNU make is a SystemRequirements.
Flavors: r-devel-linux-x86_64-fedora-clang, r-devel-linux-x86_64-fedora-gcc, r-release-macos-arm64, r-release-macos-x86_64, r-oldrel-macos-arm64
Version: 0.3.2
Check: installed package size
Result: NOTE
installed size is 5.4Mb
sub-directories of 1Mb or more:
extdata 1.1Mb
libs 3.8Mb
Flavors: r-release-macos-arm64, r-release-macos-x86_64, r-oldrel-macos-arm64