CRAN Package Check Results for Package ravelRy

Last updated on 2025-05-08 20:49:45 CEST.

Flavor Version Tinstall Tcheck Ttotal Status Flags
r-devel-linux-x86_64-debian-clang 0.1.0 4.04 32.78 36.82 OK
r-devel-linux-x86_64-debian-gcc 0.1.0 2.52 25.03 27.55 OK
r-devel-linux-x86_64-fedora-clang 0.1.0 59.86 NOTE
r-devel-linux-x86_64-fedora-gcc 0.1.0 57.30 NOTE
r-devel-windows-x86_64 0.1.0 5.00 51.00 56.00 OK
r-patched-linux-x86_64 0.1.0 3.83 29.88 33.71 OK
r-release-linux-x86_64 0.1.0 3.37 30.27 33.64 OK
r-release-macos-arm64 0.1.0 22.00 OK
r-release-macos-x86_64 0.1.0 35.00 OK
r-release-windows-x86_64 0.1.0 7.00 52.00 59.00 OK
r-oldrel-macos-arm64 0.1.0 25.00 NOTE
r-oldrel-macos-x86_64 0.1.0 54.00 NOTE
r-oldrel-windows-x86_64 0.1.0 6.00 59.00 65.00 NOTE

Check Details

Version: 0.1.0
Check: dependencies in R code
Result: NOTE Namespace in Imports field not imported from: ‘tidyr’ All declared Imports should be used. Flavors: r-devel-linux-x86_64-fedora-clang, r-devel-linux-x86_64-fedora-gcc

Version: 0.1.0
Check: LazyData
Result: NOTE 'LazyData' is specified without a 'data' directory Flavors: r-oldrel-macos-arm64, r-oldrel-macos-x86_64, r-oldrel-windows-x86_64