CRAN Package Check Results for Package ratematrix

Last updated on 2022-11-27 19:51:39 CET.

Flavor Version Tinstall Tcheck Ttotal Status Flags
r-devel-linux-x86_64-debian-clang 1.2.4 75.01 193.76 268.77 OK
r-devel-linux-x86_64-debian-gcc 1.2.4 57.20 140.32 197.52 OK
r-devel-linux-x86_64-fedora-clang 1.2.4 353.83 OK
r-devel-linux-x86_64-fedora-gcc 1.2.4 327.82 OK
r-devel-windows-x86_64 1.2.4 85.00 232.00 317.00 OK
r-patched-linux-x86_64 1.2.4 56.24 179.37 235.61 OK
r-release-linux-x86_64 1.2.4 61.55 166.80 228.35 OK
r-release-macos-arm64 1.2.4 88.00 NOTE
r-release-macos-x86_64 1.2.4 111.00 NOTE
r-release-windows-x86_64 1.2.4 108.00 236.00 344.00 OK
r-oldrel-macos-arm64 1.2.4 88.00 NOTE
r-oldrel-macos-x86_64 1.2.4 108.00 NOTE
r-oldrel-windows-ix86+x86_64 1.2.4 156.00 271.00 427.00 OK

Check Details

Version: 1.2.4
Check: installed package size
Result: NOTE
     installed size is 6.7Mb
     sub-directories of 1Mb or more:
     libs 5.0Mb
Flavors: r-release-macos-arm64, r-release-macos-x86_64, r-oldrel-macos-arm64, r-oldrel-macos-x86_64