CRAN Package Check Results for Package rasterbc

Last updated on 2025-07-12 20:50:40 CEST.

Flavor Version Tinstall Tcheck Ttotal Status Flags
r-devel-linux-x86_64-debian-clang 1.0.2 2.70 36.11 38.81 NOTE
r-devel-linux-x86_64-debian-gcc 1.0.2 1.94 27.25 29.19 NOTE
r-devel-linux-x86_64-fedora-clang 1.0.2 58.70 NOTE
r-devel-linux-x86_64-fedora-gcc 1.0.2 74.98 NOTE
r-devel-windows-x86_64 1.0.2 5.00 55.00 60.00 NOTE
r-patched-linux-x86_64 1.0.2 2.84 33.59 36.43 NOTE
r-release-linux-x86_64 1.0.2 2.76 33.14 35.90 NOTE
r-release-macos-arm64 1.0.2 29.00 NOTE
r-release-macos-x86_64 1.0.2 53.00 NOTE
r-release-windows-x86_64 1.0.2 4.00 56.00 60.00 NOTE
r-oldrel-macos-arm64 1.0.2 25.00 OK
r-oldrel-macos-x86_64 1.0.2 40.00 OK
r-oldrel-windows-x86_64 1.0.2 6.00 65.00 71.00 OK

Check Details

Version: 1.0.2
Check: DESCRIPTION meta-information
Result: NOTE Missing dependency on R >= 4.1.0 because package code uses the pipe |> or function shorthand \(...) syntax added in R 4.1.0. File(s) using such syntax: ‘findblocks_bc.Rd’ ‘getdata_bc.Rd’ ‘listdata_bc.Rd’ ‘opendata_bc.Rd’ ‘utils.R’ Flavors: r-devel-linux-x86_64-debian-clang, r-devel-linux-x86_64-debian-gcc, r-devel-linux-x86_64-fedora-clang, r-devel-linux-x86_64-fedora-gcc, r-devel-windows-x86_64, r-patched-linux-x86_64, r-release-linux-x86_64, r-release-macos-arm64, r-release-macos-x86_64, r-release-windows-x86_64