Last updated on 2024-04-18 21:57:01 CEST.
Flavor | Version | Tinstall | Tcheck | Ttotal | Status | Flags |
---|---|---|---|---|---|---|
r-devel-linux-x86_64-debian-clang | 3.6-26 | 270.74 | 564.88 | 835.62 | OK | |
r-devel-linux-x86_64-debian-gcc | 3.6-26 | 212.91 | 381.10 | 594.01 | OK | |
r-devel-linux-x86_64-fedora-clang | 3.6-26 | 1090.14 | OK | |||
r-devel-linux-x86_64-fedora-gcc | 3.6-26 | 1028.07 | OK | |||
r-prerel-macos-arm64 | 3.6-26 | 198.00 | NOTE | |||
r-prerel-windows-x86_64 | 3.6-26 | 214.00 | 416.00 | 630.00 | NOTE | |
r-patched-linux-x86_64 | 3.6-26 | 274.49 | 511.85 | 786.34 | OK | |
r-release-linux-x86_64 | 3.6-26 | 277.88 | 512.57 | 790.45 | OK | |
r-release-macos-arm64 | 3.6-26 | 213.00 | NOTE | |||
r-release-macos-x86_64 | 3.6-26 | 570.00 | NOTE | |||
r-release-windows-x86_64 | 3.6-26 | 278.00 | 535.00 | 813.00 | NOTE | |
r-oldrel-macos-arm64 | 3.6-26 | 193.00 | NOTE | |||
r-oldrel-windows-x86_64 | 3.6-26 | 271.00 | 520.00 | 791.00 | NOTE |
Version: 3.6-26
Check: installed package size
Result: NOTE
installed size is 11.8Mb
sub-directories of 1Mb or more:
R 4.1Mb
libs 6.7Mb
Flavors: r-prerel-macos-arm64, r-prerel-windows-x86_64, r-release-macos-arm64, r-release-macos-x86_64, r-release-windows-x86_64, r-oldrel-macos-arm64, r-oldrel-windows-x86_64